{"id":58,"date":"2026-02-10T10:13:26","date_gmt":"2026-02-10T13:13:26","guid":{"rendered":"https:\/\/www.ccs.ufpb.br\/ppgenf\/?page_id=58"},"modified":"2026-03-11T14:38:19","modified_gmt":"2026-03-11T17:38:19","slug":"turmas","status":"publish","type":"page","link":"https:\/\/www.ccs.ufpb.br\/ppgenf\/turmas\/","title":{"rendered":"Turmas"},"content":{"rendered":"\n<p class=\"wp-block-paragraph\">2026.1<\/p>\n\n\n\n<p class=\"wp-block-paragraph\"><strong>SENFE0081 &#8211; ABORDAGENS PEDAG\u00d3GICAS DA PR\u00c1TICA DOCENTE<\/strong>\u00a0<\/p>\n\n\n\n<p class=\"wp-block-paragraph\">\u00ab<\/p>\n\n\n\n<div class=\"wp-block-columns is-layout-flex wp-container-core-columns-is-layout-8f761849 wp-block-columns-is-layout-flex\">\n<div class=\"wp-block-column is-layout-flow wp-block-column-is-layout-flow\" style=\"flex-basis:100%\">\n<figure class=\"wp-block-table\"><table class=\"has-fixed-layout\"><thead><tr><th class=\"has-text-align-left\" data-align=\"left\">Turmas<\/th><th class=\"has-text-align-left\" data-align=\"left\">Per\u00edodo\/Ano<\/th><th class=\"has-text-align-left\" data-align=\"left\">Docentes<\/th><th class=\"has-text-align-left\" data-align=\"left\">Carga Hor\u00e1ria Total<\/th><th class=\"has-text-align-left\" data-align=\"left\"><\/th><\/tr><\/thead><tbody><tr><td>Turma 01<\/td><td>2026.1<\/td><td>ALTAMIRA PEREIRA DA SILVA REICHERT (45h), ANNIELY RODRIGUES SOARES (45h) e JOCELLY DE ARAUJO FERREIRA (45h)<\/td><td>45<\/td><td><\/td><\/tr><\/tbody><\/table><\/figure>\n<\/div>\n<\/div>\n\n\n\n<p class=\"wp-block-paragraph\"><strong>SENFE0085 &#8211; CUIDADO EM ENFERMAGEM E SA\u00daDE<\/strong>\u00a0<\/p>\n\n\n\n<figure class=\"wp-block-table\"><table class=\"has-fixed-layout\"><thead><tr><th class=\"has-text-align-left\" data-align=\"left\">Turmas<\/th><th class=\"has-text-align-left\" data-align=\"left\">Per\u00edodo\/Ano<\/th><th class=\"has-text-align-left\" data-align=\"left\">Docentes<\/th><th class=\"has-text-align-left\" data-align=\"left\">Carga Hor\u00e1ria Total<\/th><th class=\"has-text-align-left\" data-align=\"left\"><\/th><\/tr><\/thead><tbody><tr><td>Turma 01<\/td><td>2026.1<\/td><td>ORIANA DEYZE CORREIA PAIVA LEADEBAL (60h) e MARIA ELIANE MOREIRA FREIRE (60h)<\/td><td>60<\/td><td><\/td><\/tr><\/tbody><\/table><\/figure>\n\n\n\n<p class=\"wp-block-paragraph\">\u00ab<\/p>\n\n\n\n<p class=\"wp-block-paragraph\"><strong>SENFE0089 &#8211; FORMA\u00c7\u00c3O E PESQUISA NA P\u00d3S-GRADUA\u00c7\u00c3O EM ENFERMAGEM E S\u00c1UDE\u00a0<\/strong><\/p>\n\n\n\n<figure class=\"wp-block-table\"><table class=\"has-fixed-layout\"><thead><tr><th class=\"has-text-align-left\" data-align=\"left\">Turmas<\/th><th class=\"has-text-align-left\" data-align=\"left\">Per\u00edodo\/Ano<\/th><th class=\"has-text-align-left\" data-align=\"left\">Docentes<\/th><th class=\"has-text-align-left\" data-align=\"left\">Carga Hor\u00e1ria Total<\/th><th class=\"has-text-align-left\" data-align=\"left\"><\/th><\/tr><\/thead><tbody><tr><td>Turma 01<\/td><td>2026.1<\/td><td>SUZANA DE OLIVEIRA MANGUEIRA (30h) e MAILSON MARQUES DE SOUSA (30h)<\/td><td>30<\/td><td><\/td><\/tr><\/tbody><\/table><\/figure>\n\n\n\n<p class=\"wp-block-paragraph\">\u00ab<\/p>\n\n\n\n<p class=\"wp-block-paragraph\"><strong>SENFE0082 &#8211; FUNDAMENTOS DO CUIDAR EM ENFERMAGEM E SA\u00daDE\u00a0<\/strong><\/p>\n\n\n\n<figure class=\"wp-block-table\"><table class=\"has-fixed-layout\"><thead><tr><th class=\"has-text-align-left\" data-align=\"left\">Turmas<\/th><th class=\"has-text-align-left\" data-align=\"left\">Per\u00edodo\/Ano<\/th><th class=\"has-text-align-left\" data-align=\"left\">Docentes<\/th><th class=\"has-text-align-left\" data-align=\"left\">Carga Hor\u00e1ria Total<\/th><th class=\"has-text-align-left\" data-align=\"left\"><\/th><\/tr><\/thead><tbody><tr><td>Turma 01<\/td><td>2026.1<\/td><td>SUZANA DE OLIVEIRA MANGUEIRA (45h) e PATRICIA SERPA DE SOUZA BATISTA (45h)<\/td><td>45<\/td><td><\/td><\/tr><\/tbody><\/table><\/figure>\n\n\n\n<p class=\"wp-block-paragraph\">\u00ab<\/p>\n\n\n\n<p class=\"wp-block-paragraph\"><strong>SENFE0086 &#8211; FUNDAMENTOS FILOS\u00d3FICOS DA CI\u00caNCIA E ENFERMAGEM<\/strong>\u00a0<\/p>\n\n\n\n<figure class=\"wp-block-table\"><table class=\"has-fixed-layout\"><thead><tr><th class=\"has-text-align-left\" data-align=\"left\">Turmas<\/th><th class=\"has-text-align-left\" data-align=\"left\">Per\u00edodo\/Ano<\/th><th class=\"has-text-align-left\" data-align=\"left\">Docentes<\/th><th class=\"has-text-align-left\" data-align=\"left\">Carga Hor\u00e1ria Total<\/th><th class=\"has-text-align-left\" data-align=\"left\"><\/th><\/tr><\/thead><tbody><tr><td>Turma 01<\/td><td>2026.1<\/td><td>JACIRA DOS SANTOS OLIVEIRA (60h) e MARIA DAS GRACAS MELO FERNANDES (60h)<\/td><td>60<\/td><td><\/td><\/tr><\/tbody><\/table><\/figure>\n\n\n\n<p class=\"wp-block-paragraph\">\u00ab<\/p>\n\n\n\n<p class=\"wp-block-paragraph\"><strong>1613105 &#8211; FUNDAMENTOS TE\u00d3RICO-METODOL\u00d3GICOS DA PESQUISA EM SA\u00daDE E EMFERMAGEM\u00a0<\/strong><\/p>\n\n\n\n<figure class=\"wp-block-table\"><table class=\"has-fixed-layout\"><thead><tr><th class=\"has-text-align-left\" data-align=\"left\">Turmas<\/th><th class=\"has-text-align-left\" data-align=\"left\">Per\u00edodo\/Ano<\/th><th class=\"has-text-align-left\" data-align=\"left\">Docentes<\/th><th class=\"has-text-align-left\" data-align=\"left\">Carga Hor\u00e1ria Total<\/th><th class=\"has-text-align-left\" data-align=\"left\"><\/th><\/tr><\/thead><tbody><tr><td>Turma 01<\/td><td>2026.1<\/td><td>VIVIANE ROLIM DE HOLANDA (60h), ELIANE ROLIM DE HOLANDA (60h) e RAFAELLA QUEIROGA SOUTO (60h)<\/td><td>60<\/td><td><\/td><\/tr><\/tbody><\/table><\/figure>\n\n\n\n<p class=\"wp-block-paragraph\">\u00ab<\/p>\n\n\n\n<p class=\"wp-block-paragraph\"><strong>SENFE0112 &#8211; T\u00d3PICOS TEM\u00c1TICOS<\/strong>\u00a0&#8211; O Cuidado transicional e a continuidade de programas de enfermagem de reabilita\u00e7\u00e3o<\/p>\n\n\n\n<figure class=\"wp-block-table\"><table class=\"has-fixed-layout\"><thead><tr><th class=\"has-text-align-left\" data-align=\"left\">Turmas<\/th><th class=\"has-text-align-left\" data-align=\"left\">Per\u00edodo\/Ano<\/th><th class=\"has-text-align-left\" data-align=\"left\">Docentes<\/th><th class=\"has-text-align-left\" data-align=\"left\">Carga Hor\u00e1ria Total<\/th><th class=\"has-text-align-left\" data-align=\"left\"><\/th><\/tr><\/thead><tbody><tr><td>Turma 01<\/td><td>2026.1<\/td><td>CRISTINA ROSA SOARES LAVAREDA BAIXINHO (45h) e MARIA DE LOURDES DE FARIAS PONTES (45h)<\/td><td>45<\/td><td><\/td><\/tr><\/tbody><\/table><\/figure>\n\n\n\n<p class=\"wp-block-paragraph\">\u00ab<\/p>\n\n\n\n<p class=\"wp-block-paragraph\"><strong>SENFE0112 &#8211; T\u00d3PICOS TEM\u00c1TICOS\u00a0&#8211;<\/strong> Inova\u00e7\u00e3o e Tecnologias Educacionais em Sa\u00fade e Enfermagem<\/p>\n\n\n\n<figure class=\"wp-block-table\"><table class=\"has-fixed-layout\"><thead><tr><th class=\"has-text-align-left\" data-align=\"left\">Turmas<\/th><th class=\"has-text-align-left\" data-align=\"left\">Per\u00edodo\/Ano<\/th><th class=\"has-text-align-left\" data-align=\"left\">Docentes<\/th><th class=\"has-text-align-left\" data-align=\"left\">Carga Hor\u00e1ria Total<\/th><th class=\"has-text-align-left\" data-align=\"left\"><\/th><\/tr><\/thead><tbody><tr><td>Turma 02<\/td><td>2026.1<\/td><td>LIDIANE LIMA DE ANDRADE (45h) e MARIANA ALBERNAZ PINHEIRO DE CARVALHO (45h)<\/td><td>45<\/td><td><\/td><\/tr><\/tbody><\/table><\/figure>\n","protected":false},"excerpt":{"rendered":"<p>2026.1 SENFE0081 &#8211; ABORDAGENS PEDAG\u00d3GICAS DA PR\u00c1TICA DOCENTE\u00a0 \u00ab Turmas Per\u00edodo\/Ano Docentes Carga Hor\u00e1ria Total [&hellip;]<\/p>\n","protected":false},"author":63,"featured_media":0,"parent":0,"menu_order":0,"comment_status":"closed","ping_status":"closed","template":"","meta":{"footnotes":""},"class_list":["post-58","page","type-page","status-publish","hentry"],"_links":{"self":[{"href":"https:\/\/www.ccs.ufpb.br\/ppgenf\/wp-json\/wp\/v2\/pages\/58","targetHints":{"allow":["GET"]}}],"collection":[{"href":"https:\/\/www.ccs.ufpb.br\/ppgenf\/wp-json\/wp\/v2\/pages"}],"about":[{"href":"https:\/\/www.ccs.ufpb.br\/ppgenf\/wp-json\/wp\/v2\/types\/page"}],"author":[{"embeddable":true,"href":"https:\/\/www.ccs.ufpb.br\/ppgenf\/wp-json\/wp\/v2\/users\/63"}],"replies":[{"embeddable":true,"href":"https:\/\/www.ccs.ufpb.br\/ppgenf\/wp-json\/wp\/v2\/comments?post=58"}],"version-history":[{"count":3,"href":"https:\/\/www.ccs.ufpb.br\/ppgenf\/wp-json\/wp\/v2\/pages\/58\/revisions"}],"predecessor-version":[{"id":206,"href":"https:\/\/www.ccs.ufpb.br\/ppgenf\/wp-json\/wp\/v2\/pages\/58\/revisions\/206"}],"wp:attachment":[{"href":"https:\/\/www.ccs.ufpb.br\/ppgenf\/wp-json\/wp\/v2\/media?parent=58"}],"curies":[{"name":"wp","href":"https:\/\/api.w.org\/{rel}","templated":true}]}}

<p class="wp-block-paragraph">2026.1</p>



<p class="wp-block-paragraph"><strong>SENFE0081 &#8211; ABORDAGENS PEDAGÓGICAS DA PRÁTICA DOCENTE</strong> </p>



<p class="wp-block-paragraph">«</p>



<div class="wp-block-columns is-layout-flex wp-container-core-columns-is-layout-8f761849 wp-block-columns-is-layout-flex">
<div class="wp-block-column is-layout-flow wp-block-column-is-layout-flow" style="flex-basis:100%">
<figure class="wp-block-table"><table class="has-fixed-layout"><thead><tr><th class="has-text-align-left" data-align="left">Turmas</th><th class="has-text-align-left" data-align="left">Período/Ano</th><th class="has-text-align-left" data-align="left">Docentes</th><th class="has-text-align-left" data-align="left">Carga Horária Total</th><th class="has-text-align-left" data-align="left"></th></tr></thead><tbody><tr><td>Turma 01</td><td>2026.1</td><td>ALTAMIRA PEREIRA DA SILVA REICHERT (45h), ANNIELY RODRIGUES SOARES (45h) e JOCELLY DE ARAUJO FERREIRA (45h)</td><td>45</td><td></td></tr></tbody></table></figure>
</div>
</div>



<p class="wp-block-paragraph"><strong>SENFE0085 &#8211; CUIDADO EM ENFERMAGEM E SAÚDE</strong> </p>



<figure class="wp-block-table"><table class="has-fixed-layout"><thead><tr><th class="has-text-align-left" data-align="left">Turmas</th><th class="has-text-align-left" data-align="left">Período/Ano</th><th class="has-text-align-left" data-align="left">Docentes</th><th class="has-text-align-left" data-align="left">Carga Horária Total</th><th class="has-text-align-left" data-align="left"></th></tr></thead><tbody><tr><td>Turma 01</td><td>2026.1</td><td>ORIANA DEYZE CORREIA PAIVA LEADEBAL (60h) e MARIA ELIANE MOREIRA FREIRE (60h)</td><td>60</td><td></td></tr></tbody></table></figure>



<p class="wp-block-paragraph">«</p>



<p class="wp-block-paragraph"><strong>SENFE0089 &#8211; FORMAÇÃO E PESQUISA NA PÓS-GRADUAÇÃO EM ENFERMAGEM E SÁUDE </strong></p>



<figure class="wp-block-table"><table class="has-fixed-layout"><thead><tr><th class="has-text-align-left" data-align="left">Turmas</th><th class="has-text-align-left" data-align="left">Período/Ano</th><th class="has-text-align-left" data-align="left">Docentes</th><th class="has-text-align-left" data-align="left">Carga Horária Total</th><th class="has-text-align-left" data-align="left"></th></tr></thead><tbody><tr><td>Turma 01</td><td>2026.1</td><td>SUZANA DE OLIVEIRA MANGUEIRA (30h) e MAILSON MARQUES DE SOUSA (30h)</td><td>30</td><td></td></tr></tbody></table></figure>



<p class="wp-block-paragraph">«</p>



<p class="wp-block-paragraph"><strong>SENFE0082 &#8211; FUNDAMENTOS DO CUIDAR EM ENFERMAGEM E SAÚDE </strong></p>



<figure class="wp-block-table"><table class="has-fixed-layout"><thead><tr><th class="has-text-align-left" data-align="left">Turmas</th><th class="has-text-align-left" data-align="left">Período/Ano</th><th class="has-text-align-left" data-align="left">Docentes</th><th class="has-text-align-left" data-align="left">Carga Horária Total</th><th class="has-text-align-left" data-align="left"></th></tr></thead><tbody><tr><td>Turma 01</td><td>2026.1</td><td>SUZANA DE OLIVEIRA MANGUEIRA (45h) e PATRICIA SERPA DE SOUZA BATISTA (45h)</td><td>45</td><td></td></tr></tbody></table></figure>



<p class="wp-block-paragraph">«</p>



<p class="wp-block-paragraph"><strong>SENFE0086 &#8211; FUNDAMENTOS FILOSÓFICOS DA CIÊNCIA E ENFERMAGEM</strong> </p>



<figure class="wp-block-table"><table class="has-fixed-layout"><thead><tr><th class="has-text-align-left" data-align="left">Turmas</th><th class="has-text-align-left" data-align="left">Período/Ano</th><th class="has-text-align-left" data-align="left">Docentes</th><th class="has-text-align-left" data-align="left">Carga Horária Total</th><th class="has-text-align-left" data-align="left"></th></tr></thead><tbody><tr><td>Turma 01</td><td>2026.1</td><td>JACIRA DOS SANTOS OLIVEIRA (60h) e MARIA DAS GRACAS MELO FERNANDES (60h)</td><td>60</td><td></td></tr></tbody></table></figure>



<p class="wp-block-paragraph">«</p>



<p class="wp-block-paragraph"><strong>1613105 &#8211; FUNDAMENTOS TEÓRICO-METODOLÓGICOS DA PESQUISA EM SAÚDE E EMFERMAGEM </strong></p>



<figure class="wp-block-table"><table class="has-fixed-layout"><thead><tr><th class="has-text-align-left" data-align="left">Turmas</th><th class="has-text-align-left" data-align="left">Período/Ano</th><th class="has-text-align-left" data-align="left">Docentes</th><th class="has-text-align-left" data-align="left">Carga Horária Total</th><th class="has-text-align-left" data-align="left"></th></tr></thead><tbody><tr><td>Turma 01</td><td>2026.1</td><td>VIVIANE ROLIM DE HOLANDA (60h), ELIANE ROLIM DE HOLANDA (60h) e RAFAELLA QUEIROGA SOUTO (60h)</td><td>60</td><td></td></tr></tbody></table></figure>



<p class="wp-block-paragraph">«</p>



<p class="wp-block-paragraph"><strong>SENFE0112 &#8211; TÓPICOS TEMÁTICOS</strong> &#8211; O Cuidado transicional e a continuidade de programas de enfermagem de reabilitação</p>



<figure class="wp-block-table"><table class="has-fixed-layout"><thead><tr><th class="has-text-align-left" data-align="left">Turmas</th><th class="has-text-align-left" data-align="left">Período/Ano</th><th class="has-text-align-left" data-align="left">Docentes</th><th class="has-text-align-left" data-align="left">Carga Horária Total</th><th class="has-text-align-left" data-align="left"></th></tr></thead><tbody><tr><td>Turma 01</td><td>2026.1</td><td>CRISTINA ROSA SOARES LAVAREDA BAIXINHO (45h) e MARIA DE LOURDES DE FARIAS PONTES (45h)</td><td>45</td><td></td></tr></tbody></table></figure>



<p class="wp-block-paragraph">«</p>



<p class="wp-block-paragraph"><strong>SENFE0112 &#8211; TÓPICOS TEMÁTICOS &#8211;</strong> Inovação e Tecnologias Educacionais em Saúde e Enfermagem</p>



<figure class="wp-block-table"><table class="has-fixed-layout"><thead><tr><th class="has-text-align-left" data-align="left">Turmas</th><th class="has-text-align-left" data-align="left">Período/Ano</th><th class="has-text-align-left" data-align="left">Docentes</th><th class="has-text-align-left" data-align="left">Carga Horária Total</th><th class="has-text-align-left" data-align="left"></th></tr></thead><tbody><tr><td>Turma 02</td><td>2026.1</td><td>LIDIANE LIMA DE ANDRADE (45h) e MARIANA ALBERNAZ PINHEIRO DE CARVALHO (45h)</td><td>45</td><td></td></tr></tbody></table></figure>

<p>2026.1 SENFE0081 &#8211; ABORDAGENS PEDAGÓGICAS DA PRÁTICA DOCENTE  « Turmas Período/Ano Docentes Carga Horária Total [&hellip;]</p>
