{"id":47,"date":"2026-02-10T10:10:38","date_gmt":"2026-02-10T13:10:38","guid":{"rendered":"https:\/\/www.ccs.ufpb.br\/ppgenf\/?page_id=47"},"modified":"2026-02-10T10:10:38","modified_gmt":"2026-02-10T13:10:38","slug":"area-de-concentracao-e-linhas-de-pesquisa","status":"publish","type":"page","link":"https:\/\/www.ccs.ufpb.br\/ppgenf\/area-de-concentracao-e-linhas-de-pesquisa\/","title":{"rendered":"\u00c1rea de Concentra\u00e7\u00e3o e Linhas de Pesquisa"},"content":{"rendered":"\n<h3 class=\"wp-block-heading\">Doutorado<\/h3>\n\n\n\n<ul class=\"wp-block-list\">\n<li><strong>CUIDADO EM ENFERMAGEM E SA\u00daDE<\/strong>\n<ul class=\"wp-block-list\">\n<li><strong>Linhas de Pesquisa:<\/strong>\n<ul class=\"wp-block-list\">\n<li>POL\u00cdTICAS E PR\u00c1TICAS DO CUIDAR EM ENFERMAGEM E SA\u00daDE<\/li>\n\n\n\n<li>Descreve as bases hist\u00f3ricas de forma\u00e7\u00e3o da Sociedade e do Estado e sua rela\u00e7\u00e3o com as pol\u00edticas p\u00fablicas de sa\u00fade. Hist\u00f3rico dos modelos de aten\u00e7\u00e3o \u00e0 sa\u00fade no Brasil. O movimento social pela Reforma Sanit\u00e1ria no pa\u00eds.<\/li>\n\n\n\n<li>FUNDAMENTOS TE\u00d3RICO-FILOS\u00d3FICOS DO CUIDAR EM ENFERMAGEM E SA\u00daDE<\/li>\n\n\n\n<li>Descreve as correntes filos\u00f3ficas, teorias e conceitos que norteiam o ato de cuidar da pessoa, fam\u00edlia ou coletividade humana no decorrer do processo sa\u00fade e doen\u00e7a. Desenvolvimento de pesquisas sobre o cuidado do enfermeiro aos individuos e coletividade<\/li>\n\n\n\n<li>ENFERMAGEM E SA\u00daDE NO CUIDADO AO ADULTO E IDOSO<\/li>\n\n\n\n<li>Compreende a transi\u00e7\u00e3o demogr\u00e1fica e epidemiol\u00f3gica e as teorias do envelhecimento: biol\u00f3gicas, psicol\u00f3gicas, sociais e culturais. Enfoca os aspectos antropol\u00f3gicos, sociol\u00f3gicos, econ\u00f4micos e psicol\u00f3gicos relacionados ao envelhecimento.<\/li>\n<\/ul>\n<\/li>\n<\/ul>\n<\/li>\n<\/ul>\n\n\n\n<h3 class=\"wp-block-heading\">Mestrado<\/h3>\n\n\n\n<ul class=\"wp-block-list\">\n<li><strong>CUIDADO EM ENFERMAGEM E SA\u00daDE<\/strong>\n<ul class=\"wp-block-list\">\n<li><strong>Linhas de Pesquisa:<\/strong>\n<ul class=\"wp-block-list\">\n<li>ENFERMAGEM E SA\u00daDE NO CUIDADO AO ADULTO E IDOSO<\/li>\n\n\n\n<li>Compreende a transi\u00e7\u00e3o demogr\u00e1fica e epidemiol\u00f3gica e as teorias do envelhecimento: biol\u00f3gicas, psicol\u00f3gicas, sociais e culturais. Enfoca os aspectos antropol\u00f3gicos, sociol\u00f3gicos, econ\u00f4micos e psicol\u00f3gicos relacionados ao envelhecimento.<\/li>\n\n\n\n<li>FUNDAMENTOS TE\u00d3RICO-FILOS\u00d3FICOS DO CUIDAR EM ENFERMAGEM E SA\u00daDE<\/li>\n\n\n\n<li>Descreve as correntes filos\u00f3ficas, teorias e conceitos que norteiam o ato de cuidar da pessoa, fam\u00edlia ou coletividade humana no decorrer do processo sa\u00fade e doen\u00e7a. Desenvolvimento de pesquisas sobre o cuidado do enfermeiro aos individuos e coletividade<\/li>\n\n\n\n<li>POL\u00cdTICAS E PR\u00c1TICAS DO CUIDAR EM ENFERMAGEM E SA\u00daDE<\/li>\n\n\n\n<li>Descreve as bases hist\u00f3ricas de forma\u00e7\u00e3o da Sociedade e do Estado e sua rela\u00e7\u00e3o com as pol\u00edticas p\u00fablicas de sa\u00fade. Hist\u00f3rico dos modelos de aten\u00e7\u00e3o \u00e0 sa\u00fade no Brasil. O movimento social pela Reforma Sanit\u00e1ria no pa\u00eds.<\/li>\n<\/ul>\n<\/li>\n<\/ul>\n<\/li>\n<\/ul>\n","protected":false},"excerpt":{"rendered":"<p>Doutorado Mestrado<\/p>\n","protected":false},"author":63,"featured_media":0,"parent":0,"menu_order":0,"comment_status":"closed","ping_status":"closed","template":"","meta":{"footnotes":""},"class_list":["post-47","page","type-page","status-publish","hentry"],"_links":{"self":[{"href":"https:\/\/www.ccs.ufpb.br\/ppgenf\/wp-json\/wp\/v2\/pages\/47","targetHints":{"allow":["GET"]}}],"collection":[{"href":"https:\/\/www.ccs.ufpb.br\/ppgenf\/wp-json\/wp\/v2\/pages"}],"about":[{"href":"https:\/\/www.ccs.ufpb.br\/ppgenf\/wp-json\/wp\/v2\/types\/page"}],"author":[{"embeddable":true,"href":"https:\/\/www.ccs.ufpb.br\/ppgenf\/wp-json\/wp\/v2\/users\/63"}],"replies":[{"embeddable":true,"href":"https:\/\/www.ccs.ufpb.br\/ppgenf\/wp-json\/wp\/v2\/comments?post=47"}],"version-history":[{"count":1,"href":"https:\/\/www.ccs.ufpb.br\/ppgenf\/wp-json\/wp\/v2\/pages\/47\/revisions"}],"predecessor-version":[{"id":48,"href":"https:\/\/www.ccs.ufpb.br\/ppgenf\/wp-json\/wp\/v2\/pages\/47\/revisions\/48"}],"wp:attachment":[{"href":"https:\/\/www.ccs.ufpb.br\/ppgenf\/wp-json\/wp\/v2\/media?parent=47"}],"curies":[{"name":"wp","href":"https:\/\/api.w.org\/{rel}","templated":true}]}}

Área de Concentração e Linhas de Pesquisa

<h3 class="wp-block-heading">Doutorado</h3>



<ul class="wp-block-list">
<li><strong>CUIDADO EM ENFERMAGEM E SAÚDE</strong>
<ul class="wp-block-list">
<li><strong>Linhas de Pesquisa:</strong>
<ul class="wp-block-list">
<li>POLÍTICAS E PRÁTICAS DO CUIDAR EM ENFERMAGEM E SAÚDE</li>



<li>Descreve as bases históricas de formação da Sociedade e do Estado e sua relação com as políticas públicas de saúde. Histórico dos modelos de atenção à saúde no Brasil. O movimento social pela Reforma Sanitária no país.</li>



<li>FUNDAMENTOS TEÓRICO-FILOSÓFICOS DO CUIDAR EM ENFERMAGEM E SAÚDE</li>



<li>Descreve as correntes filosóficas, teorias e conceitos que norteiam o ato de cuidar da pessoa, família ou coletividade humana no decorrer do processo saúde e doença. Desenvolvimento de pesquisas sobre o cuidado do enfermeiro aos individuos e coletividade</li>



<li>ENFERMAGEM E SAÚDE NO CUIDADO AO ADULTO E IDOSO</li>



<li>Compreende a transição demográfica e epidemiológica e as teorias do envelhecimento: biológicas, psicológicas, sociais e culturais. Enfoca os aspectos antropológicos, sociológicos, econômicos e psicológicos relacionados ao envelhecimento.</li>
</ul>
</li>
</ul>
</li>
</ul>



<h3 class="wp-block-heading">Mestrado</h3>



<ul class="wp-block-list">
<li><strong>CUIDADO EM ENFERMAGEM E SAÚDE</strong>
<ul class="wp-block-list">
<li><strong>Linhas de Pesquisa:</strong>
<ul class="wp-block-list">
<li>ENFERMAGEM E SAÚDE NO CUIDADO AO ADULTO E IDOSO</li>



<li>Compreende a transição demográfica e epidemiológica e as teorias do envelhecimento: biológicas, psicológicas, sociais e culturais. Enfoca os aspectos antropológicos, sociológicos, econômicos e psicológicos relacionados ao envelhecimento.</li>



<li>FUNDAMENTOS TEÓRICO-FILOSÓFICOS DO CUIDAR EM ENFERMAGEM E SAÚDE</li>



<li>Descreve as correntes filosóficas, teorias e conceitos que norteiam o ato de cuidar da pessoa, família ou coletividade humana no decorrer do processo saúde e doença. Desenvolvimento de pesquisas sobre o cuidado do enfermeiro aos individuos e coletividade</li>



<li>POLÍTICAS E PRÁTICAS DO CUIDAR EM ENFERMAGEM E SAÚDE</li>



<li>Descreve as bases históricas de formação da Sociedade e do Estado e sua relação com as políticas públicas de saúde. Histórico dos modelos de atenção à saúde no Brasil. O movimento social pela Reforma Sanitária no país.</li>
</ul>
</li>
</ul>
</li>
</ul>
