{"id":87,"date":"2026-01-24T09:40:20","date_gmt":"2026-01-24T12:40:20","guid":{"rendered":"https:\/\/www.ccs.ufpb.br\/ppgcn\/?page_id=87"},"modified":"2026-03-18T17:58:38","modified_gmt":"2026-03-18T20:58:38","slug":"dissertacoes","status":"publish","type":"page","link":"https:\/\/www.ccs.ufpb.br\/ppgcn\/dissertacoes\/","title":{"rendered":"Disserta\u00e7\u00f5es e Teses"},"content":{"rendered":"\n<p><a href=\"https:\/\/sigaa.ufpb.br\/sigaa\/public\/programa\/defesas.jsf?lc=pt_BR&amp;id=1887\">Confira as Disserta\u00e7\u00f5es e Teses defendidas no Programa<\/a><\/p>\n\n\n\n<hr class=\"wp-block-separator has-alpha-channel-opacity\" \/>\n\n\n\n<p><\/p>\n\n\n\n<p>A produ\u00e7\u00e3o acad\u00eamica do Programa pode ser acessada diretamente na Biblioteca Digital de Teses e Disserta\u00e7\u00f5es da UFPB.<\/p>\n\n\n\n<p><a href=\"https:\/\/repositorio.ufpb.br\/\">\ud83d\udd17 Acessar BDTD\/UFPB<\/a> \u00a0<\/p>\n\n\n\n<p><\/p>\n","protected":false},"excerpt":{"rendered":"<p>Confira as Disserta\u00e7\u00f5es e Teses defendidas no Programa A produ\u00e7\u00e3o acad\u00eamica do Programa pode ser [&hellip;]<\/p>\n","protected":false},"author":47,"featured_media":0,"parent":0,"menu_order":0,"comment_status":"closed","ping_status":"closed","template":"","meta":{"footnotes":""},"class_list":["post-87","page","type-page","status-publish","hentry"],"_links":{"self":[{"href":"https:\/\/www.ccs.ufpb.br\/ppgcn\/wp-json\/wp\/v2\/pages\/87","targetHints":{"allow":["GET"]}}],"collection":[{"href":"https:\/\/www.ccs.ufpb.br\/ppgcn\/wp-json\/wp\/v2\/pages"}],"about":[{"href":"https:\/\/www.ccs.ufpb.br\/ppgcn\/wp-json\/wp\/v2\/types\/page"}],"author":[{"embeddable":true,"href":"https:\/\/www.ccs.ufpb.br\/ppgcn\/wp-json\/wp\/v2\/users\/47"}],"replies":[{"embeddable":true,"href":"https:\/\/www.ccs.ufpb.br\/ppgcn\/wp-json\/wp\/v2\/comments?post=87"}],"version-history":[{"count":5,"href":"https:\/\/www.ccs.ufpb.br\/ppgcn\/wp-json\/wp\/v2\/pages\/87\/revisions"}],"predecessor-version":[{"id":614,"href":"https:\/\/www.ccs.ufpb.br\/ppgcn\/wp-json\/wp\/v2\/pages\/87\/revisions\/614"}],"wp:attachment":[{"href":"https:\/\/www.ccs.ufpb.br\/ppgcn\/wp-json\/wp\/v2\/media?parent=87"}],"curies":[{"name":"wp","href":"https:\/\/api.w.org\/{rel}","templated":true}]}}