{"id":55,"date":"2026-01-24T09:23:47","date_gmt":"2026-01-24T12:23:47","guid":{"rendered":"https:\/\/www.ccs.ufpb.br\/ppgcn\/?page_id=55"},"modified":"2026-03-18T17:12:52","modified_gmt":"2026-03-18T20:12:52","slug":"reunioes-ordinarias-do-colegiado","status":"publish","type":"page","link":"https:\/\/www.ccs.ufpb.br\/ppgcn\/reunioes-ordinarias-do-colegiado\/","title":{"rendered":"Reuni\u00f5es ordin\u00e1rias do Colegiado"},"content":{"rendered":"\n<figure class=\"wp-block-table\"><table class=\"has-fixed-layout\"><tbody><tr><td class=\"has-text-align-center\" data-align=\"center\"><strong>FEVEREIRO<\/strong><\/td><td class=\"has-text-align-center\" data-align=\"center\"><strong>27\/02\/2026<\/strong><\/td><\/tr><tr><td class=\"has-text-align-center\" data-align=\"center\"><strong>MAR\u00c7O<\/strong><\/td><td class=\"has-text-align-center\" data-align=\"center\"><strong>27\/03\/2026<\/strong><\/td><\/tr><tr><td class=\"has-text-align-center\" data-align=\"center\"><strong>ABRIL<\/strong><\/td><td class=\"has-text-align-center\" data-align=\"center\"><strong>24\/04\/2026<\/strong><\/td><\/tr><tr><td class=\"has-text-align-center\" data-align=\"center\"><strong>MAIO<\/strong><\/td><td class=\"has-text-align-center\" data-align=\"center\"><strong>29\/05\/2026<\/strong><\/td><\/tr><tr><td class=\"has-text-align-center\" data-align=\"center\"><strong>JUNHO<\/strong><\/td><td class=\"has-text-align-center\" data-align=\"center\"><strong>19\/06\/2026<\/strong><\/td><\/tr><tr><td class=\"has-text-align-center\" data-align=\"center\"><strong>JULHO<\/strong><\/td><td class=\"has-text-align-center\" data-align=\"center\"><strong>31\/07\/2026<\/strong><\/td><\/tr><tr><td class=\"has-text-align-center\" data-align=\"center\"><strong>AGOSTO<\/strong><\/td><td class=\"has-text-align-center\" data-align=\"center\"><strong>28\/08\/2026<\/strong><\/td><\/tr><tr><td class=\"has-text-align-center\" data-align=\"center\"><strong>SETEMBRO<\/strong><\/td><td class=\"has-text-align-center\" data-align=\"center\"><strong>25\/09\/2026<\/strong><\/td><\/tr><tr><td class=\"has-text-align-center\" data-align=\"center\"><strong>OUTUBRO<\/strong><\/td><td class=\"has-text-align-center\" data-align=\"center\"><strong>30\/10\/2026<\/strong><\/td><\/tr><tr><td class=\"has-text-align-center\" data-align=\"center\"><strong>NOVEMBRO<\/strong><\/td><td class=\"has-text-align-center\" data-align=\"center\"><strong>27\/11\/2026<\/strong><\/td><\/tr><tr><td class=\"has-text-align-center\" data-align=\"center\"><strong>DEZEMBRO<\/strong><\/td><td class=\"has-text-align-center\" data-align=\"center\"><strong>11\/12\/2026<\/strong><\/td><\/tr><\/tbody><\/table><\/figure>\n\n\n\n<p>Nota: Os processos a serem apreciados nas reuni\u00f5es do Colegiado devem ser enviados at\u00e9 a quarta-feira da semana que antecede a reuni\u00e3o. As reuni\u00f5es ocorrem, regularmente, nas \u00faltimas sextas-feiras de cada m\u00eas, exceto em casos de feriados ou recessos institucionais.<\/p>\n","protected":false},"excerpt":{"rendered":"<p>FEVEREIRO 27\/02\/2026 MAR\u00c7O 27\/03\/2026 ABRIL 24\/04\/2026 MAIO 29\/05\/2026 JUNHO 19\/06\/2026 JULHO 31\/07\/2026 AGOSTO 28\/08\/2026 SETEMBRO [&hellip;]<\/p>\n","protected":false},"author":47,"featured_media":0,"parent":0,"menu_order":0,"comment_status":"closed","ping_status":"closed","template":"","meta":{"footnotes":""},"class_list":["post-55","page","type-page","status-publish","hentry"],"_links":{"self":[{"href":"https:\/\/www.ccs.ufpb.br\/ppgcn\/wp-json\/wp\/v2\/pages\/55","targetHints":{"allow":["GET"]}}],"collection":[{"href":"https:\/\/www.ccs.ufpb.br\/ppgcn\/wp-json\/wp\/v2\/pages"}],"about":[{"href":"https:\/\/www.ccs.ufpb.br\/ppgcn\/wp-json\/wp\/v2\/types\/page"}],"author":[{"embeddable":true,"href":"https:\/\/www.ccs.ufpb.br\/ppgcn\/wp-json\/wp\/v2\/users\/47"}],"replies":[{"embeddable":true,"href":"https:\/\/www.ccs.ufpb.br\/ppgcn\/wp-json\/wp\/v2\/comments?post=55"}],"version-history":[{"count":3,"href":"https:\/\/www.ccs.ufpb.br\/ppgcn\/wp-json\/wp\/v2\/pages\/55\/revisions"}],"predecessor-version":[{"id":610,"href":"https:\/\/www.ccs.ufpb.br\/ppgcn\/wp-json\/wp\/v2\/pages\/55\/revisions\/610"}],"wp:attachment":[{"href":"https:\/\/www.ccs.ufpb.br\/ppgcn\/wp-json\/wp\/v2\/media?parent=55"}],"curies":[{"name":"wp","href":"https:\/\/api.w.org\/{rel}","templated":true}]}}