{"id":45,"date":"2026-01-24T09:22:27","date_gmt":"2026-01-24T12:22:27","guid":{"rendered":"https:\/\/www.ccs.ufpb.br\/ppgcn\/?page_id=45"},"modified":"2026-05-06T08:03:20","modified_gmt":"2026-05-06T11:03:20","slug":"autoavaliacao","status":"publish","type":"page","link":"https:\/\/www.ccs.ufpb.br\/ppgcn\/autoavaliacao\/","title":{"rendered":"Autoavalia\u00e7\u00e3o"},"content":{"rendered":"\n<p>A autoavalia\u00e7\u00e3o do PPGCN\/UFPB \u00e9 um processo cont\u00ednuo, sistem\u00e1tico e participativo que orienta o <a href=\"https:\/\/www.ccs.ufpb.br\/ppgcn\/planejamento-estrategico\/\">Planejamento Estrat\u00e9gico<\/a> e a qualifica\u00e7\u00e3o do Programa. Ela integra tr\u00eas n\u00edveis complementares: a an\u00e1lise do cen\u00e1rio nacional e estadual da p\u00f3s-gradua\u00e7\u00e3o, a avalia\u00e7\u00e3o institucional conduzida pela PRPG\/UFPB e a autoavalia\u00e7\u00e3o interna.<\/p>\n\n\n\n<p>No \u00e2mbito do Programa, uma Comiss\u00e3o espec\u00edfica coordena o processo, envolvendo docentes, discentes, egressos e t\u00e9cnicos. S\u00e3o utilizados indicadores quantitativos e qualitativos, question\u00e1rios peri\u00f3dicos e momentos coletivos de discuss\u00e3o, como o Semin\u00e1rio Anual Integrador, onde os resultados s\u00e3o apresentados e debatidos.<\/p>\n\n\n\n<p>Esse processo permite identificar potencialidades, fragilidades e oportunidades de melhoria nas dimens\u00f5es de ensino, pesquisa, forma\u00e7\u00e3o e impacto, fortalecendo a tomada de decis\u00e3o e o alinhamento \u00e0s diretrizes da CAPES. A figura abaixo ilustra o fluxo anual de autoavalia\u00e7\u00e3o do PPGCN\/UFPB.<\/p>\n\n\n\n<p class=\"has-text-align-center\">Figura &#8211; Fluxograma do Processo Anual de Autoavalia\u00e7\u00e3o do PPGCN\/CCS\/UFPB<\/p>\n\n\n\n<figure class=\"wp-block-image size-full\"><img loading=\"lazy\" decoding=\"async\" width=\"731\" height=\"741\" src=\"https:\/\/www.ccs.ufpb.br\/ppgcn\/wp-content\/uploads\/sites\/21\/sites\/425\/2026\/03\/Autoavaliacao.png\" alt=\"\" class=\"wp-image-871\" srcset=\"https:\/\/www.ccs.ufpb.br\/ppgcn\/wp-content\/uploads\/sites\/21\/sites\/425\/2026\/03\/Autoavaliacao.png 731w, https:\/\/www.ccs.ufpb.br\/ppgcn\/wp-content\/uploads\/sites\/21\/sites\/425\/2026\/03\/Autoavaliacao-296x300.png 296w\" sizes=\"auto, (max-width: 731px) 100vw, 731px\" \/><\/figure>\n\n\n\n<hr class=\"wp-block-separator has-alpha-channel-opacity\" \/>\n\n\n\n<h2 class=\"wp-block-heading\"><div class=\"linha-header\">Semin\u00e1rios de Autoavalia\u00e7\u00e3o<\/div><\/h2>\n\n\n\n<p><\/p>\n\n\n\n<details class=\"wp-block-details is-layout-flow wp-block-details-is-layout-flow\"><summary><strong>Ciclo Avaliativo 2025-2029<\/strong><\/summary>\n<div class=\"wp-block-file\"><a id=\"wp-block-file--media-43f1e730-e571-42ed-9050-c0a075f32f48\" href=\"https:\/\/www.ccs.ufpb.br\/ppgcn\/wp-content\/uploads\/sites\/21\/sites\/425\/2026\/03\/Apresentacao_ppgcn_2026-3.pdf\">VI Semin\u00e1rio de Autoavalia\u00e7\u00e3o (2026)<\/a><a href=\"https:\/\/www.ccs.ufpb.br\/ppgcn\/wp-content\/uploads\/sites\/21\/sites\/425\/2026\/03\/Apresentacao_ppgcn_2026-3.pdf\" class=\"wp-block-file__button wp-element-button\" download aria-describedby=\"wp-block-file--media-43f1e730-e571-42ed-9050-c0a075f32f48\">Baixar<\/a><\/div>\n<\/details>\n\n\n\n<p><\/p>\n\n\n\n<details class=\"wp-block-details is-layout-flow wp-block-details-is-layout-flow\"><summary><strong>Ciclo Avaliativo 2021-2024<\/strong><\/summary>\n<div class=\"wp-block-file\"><a id=\"wp-block-file--media-1ca45028-bece-4f24-8db6-3fe58fc670e6\" href=\"https:\/\/www.ccs.ufpb.br\/ppgcn\/wp-content\/uploads\/sites\/21\/sites\/425\/2026\/03\/seminario_ppgcn_FINAL_2022.pdf\">I Semin\u00e1rio de Imers\u00e3o do PPGCN\/UFPB (2022)<\/a><a href=\"https:\/\/www.ccs.ufpb.br\/ppgcn\/wp-content\/uploads\/sites\/21\/sites\/425\/2026\/03\/seminario_ppgcn_FINAL_2022.pdf\" class=\"wp-block-file__button wp-element-button\" download aria-describedby=\"wp-block-file--media-1ca45028-bece-4f24-8db6-3fe58fc670e6\">Baixar<\/a><\/div>\n\n\n\n<div class=\"wp-block-file\"><a id=\"wp-block-file--media-20dd200d-d8b5-4503-9e6e-c53f86dc9ee2\" href=\"https:\/\/www.ccs.ufpb.br\/ppgcn\/wp-content\/uploads\/sites\/21\/sites\/425\/2026\/03\/AUTOAVALIACAO_2023-1.pdf\">IV Semin\u00e1rio de Autoavalia\u00e7\u00e3o (2023)<\/a><a href=\"https:\/\/www.ccs.ufpb.br\/ppgcn\/wp-content\/uploads\/sites\/21\/sites\/425\/2026\/03\/AUTOAVALIACAO_2023-1.pdf\" class=\"wp-block-file__button wp-element-button\" download aria-describedby=\"wp-block-file--media-20dd200d-d8b5-4503-9e6e-c53f86dc9ee2\">Baixar<\/a><\/div>\n\n\n\n<div class=\"wp-block-file\"><a id=\"wp-block-file--media-0384af40-e260-4270-ac10-8a4f77aa4eac\" href=\"https:\/\/www.ccs.ufpb.br\/ppgcn\/wp-content\/uploads\/sites\/21\/sites\/425\/2026\/03\/AUTOAVALIACAO_2024.pdf\">V Semin\u00e1rio de Autoavalia\u00e7\u00e3o (2024)<\/a><a href=\"https:\/\/www.ccs.ufpb.br\/ppgcn\/wp-content\/uploads\/sites\/21\/sites\/425\/2026\/03\/AUTOAVALIACAO_2024.pdf\" class=\"wp-block-file__button wp-element-button\" download aria-describedby=\"wp-block-file--media-0384af40-e260-4270-ac10-8a4f77aa4eac\">Baixar<\/a><\/div>\n<\/details>\n\n\n\n<h2 class=\"wp-block-heading\"><div class=\"linha-header\">Pr\u00eamio Professora Rita Queiroga<\/div><\/h2>\n\n\n\n<p>Como parte das a\u00e7\u00f5es de fortalecimento da autoavalia\u00e7\u00e3o e de incentivo \u00e0 excel\u00eancia acad\u00eamica, o PPGCN\/UFPB instituiu em 2022 o Pr\u00eamio de Doutorando(a) Destaque Professora Rita Queiroga, concedido anualmente no contexto dos Semin\u00e1rios de Acompanhamento dos Doutorandos.<\/p>\n\n\n\n<p>A premia\u00e7\u00e3o tem como objetivo reconhecer e valorizar os trabalhos de doutorandos que se destacam pelo seu potencial de impacto cient\u00edfico, social e\/ou tecnol\u00f3gico, sendo selecionado um trabalho por Linha de Pesquisa do Programa. Aos estudantes premiados, a Coordena\u00e7\u00e3o do PPGCN\/UFPB concede aux\u00edlio financeiro de at\u00e9 R$ 1.000,00, destinado \u00e0 participa\u00e7\u00e3o em eventos cient\u00edficos, condicionado \u00e0 disponibilidade de recursos do Programa.<\/p>\n\n\n\n<p>O pr\u00eamio presta uma homenagem p\u00f3stuma \u00e0 Professora Rita de C\u00e1ssia Ramos do Egypto Queiroga, cuja trajet\u00f3ria acad\u00eamica e cient\u00edfica deixou uma marca profunda na UFPB e na ci\u00eancia brasileira.<\/p>\n\n\n\n<blockquote class=\"wp-block-quote is-layout-flow wp-block-quote-is-layout-flow\">\n<div class=\"wp-block-columns is-layout-flex wp-container-core-columns-is-layout-9d6595d7 wp-block-columns-is-layout-flex\">\n<div class=\"wp-block-column is-layout-flow wp-block-column-is-layout-flow\">\n<figure class=\"wp-block-image size-full\"><img loading=\"lazy\" decoding=\"async\" width=\"1024\" height=\"1015\" src=\"https:\/\/www.ccs.ufpb.br\/ppgcn\/wp-content\/uploads\/sites\/21\/sites\/425\/2026\/05\/Professora-Rita-Queiroga.jpeg\" alt=\"\" class=\"wp-image-1125\" style=\"aspect-ratio:1.0088831135632577\" srcset=\"https:\/\/www.ccs.ufpb.br\/ppgcn\/wp-content\/uploads\/sites\/21\/sites\/425\/2026\/05\/Professora-Rita-Queiroga.jpeg 1024w, https:\/\/www.ccs.ufpb.br\/ppgcn\/wp-content\/uploads\/sites\/21\/sites\/425\/2026\/05\/Professora-Rita-Queiroga-300x297.jpeg 300w, https:\/\/www.ccs.ufpb.br\/ppgcn\/wp-content\/uploads\/sites\/21\/sites\/425\/2026\/05\/Professora-Rita-Queiroga-150x150.jpeg 150w, https:\/\/www.ccs.ufpb.br\/ppgcn\/wp-content\/uploads\/sites\/21\/sites\/425\/2026\/05\/Professora-Rita-Queiroga-768x761.jpeg 768w\" sizes=\"auto, (max-width: 1024px) 100vw, 1024px\" \/><\/figure>\n<\/div>\n\n\n\n<div class=\"wp-block-column is-layout-flow wp-block-column-is-layout-flow\">\n<p><em>Professora Titular da UFPB, Rita Queiroga atuou como docente do Departamento de Nutri\u00e7\u00e3o e do PPGCN\/UFPB, destacando-se especialmente em pesquisas com produtos&nbsp;l\u00e1cteos funcionais e probi\u00f3ticos, bem como na valoriza\u00e7\u00e3o de mat\u00e9rias-primas regionais e no desenvolvimento de tecnologias voltadas \u00e0 agricultura familiar. Foi pesquisadora reconhecida pelo CNPq, na condi\u00e7\u00e3o de bolsista de produtividade PQ-1B, al\u00e9m de&nbsp;ter&nbsp;desempenhado papel relevante na coordena\u00e7\u00e3o de importantes iniciativas&nbsp;de pesquisa e inova\u00e7\u00e3o com impacto social e regional, voltadas \u00e0 seguran\u00e7a alimentar e ao desenvolvimento sustent\u00e1vel do semi\u00e1rido brasileiro.<\/em> <\/p>\n\n\n\n<p><em>No \u00e2mbito do PPGCN\/UFPB, teve atua\u00e7\u00e3o destacada na forma\u00e7\u00e3o de recursos humanos e no desenvolvimento da linha de pesquisa em An\u00e1lise e Controle de Qualidade de Alimentos, contribuindo de forma decisiva para a consolida\u00e7\u00e3o e qualifica\u00e7\u00e3o do Programa,&nbsp;com intensa atua\u00e7\u00e3o na orienta\u00e7\u00e3o de mestres e doutores e na promo\u00e7\u00e3o da internacionaliza\u00e7\u00e3o da pesquisa.<\/em><\/p>\n\n\n\n<p><em>Reconhecida por sua compet\u00eancia, generosidade e compromisso com a ci\u00eancia, a Professora Rita Queiroga permanece como uma refer\u00eancia para docentes e discentes,<\/em>&nbsp;<em>n\u00e3o apenas pela excel\u00eancia acad\u00eamica, mas tamb\u00e9m pelo impacto humano, formativo e inspirador de sua trajet\u00f3ria.&nbsp;Este pr\u00eamio, portanto, busca n\u00e3o apenas reconhecer o m\u00e9rito acad\u00eamico, mas tamb\u00e9m perpetuar seu legado, inspirando novas gera\u00e7\u00f5es de pesquisadores e pesquisadoras a desenvolverem trabalhos de excel\u00eancia, com rigor cient\u00edfico e relev\u00e2ncia social.<\/em><\/p>\n\n\n\n<p><\/p>\n<\/div>\n<\/div>\n\n\n\n<p><\/p>\n\n\n\n<p><\/p>\n\n\n\n<p><\/p>\n<\/blockquote>\n","protected":false},"excerpt":{"rendered":"<p>A autoavalia\u00e7\u00e3o do PPGCN\/UFPB \u00e9 um processo cont\u00ednuo, sistem\u00e1tico e participativo que orienta o Planejamento [&hellip;]<\/p>\n","protected":false},"author":47,"featured_media":0,"parent":0,"menu_order":0,"comment_status":"closed","ping_status":"closed","template":"","meta":{"footnotes":""},"class_list":["post-45","page","type-page","status-publish","hentry"],"_links":{"self":[{"href":"https:\/\/www.ccs.ufpb.br\/ppgcn\/wp-json\/wp\/v2\/pages\/45","targetHints":{"allow":["GET"]}}],"collection":[{"href":"https:\/\/www.ccs.ufpb.br\/ppgcn\/wp-json\/wp\/v2\/pages"}],"about":[{"href":"https:\/\/www.ccs.ufpb.br\/ppgcn\/wp-json\/wp\/v2\/types\/page"}],"author":[{"embeddable":true,"href":"https:\/\/www.ccs.ufpb.br\/ppgcn\/wp-json\/wp\/v2\/users\/47"}],"replies":[{"embeddable":true,"href":"https:\/\/www.ccs.ufpb.br\/ppgcn\/wp-json\/wp\/v2\/comments?post=45"}],"version-history":[{"count":14,"href":"https:\/\/www.ccs.ufpb.br\/ppgcn\/wp-json\/wp\/v2\/pages\/45\/revisions"}],"predecessor-version":[{"id":1128,"href":"https:\/\/www.ccs.ufpb.br\/ppgcn\/wp-json\/wp\/v2\/pages\/45\/revisions\/1128"}],"wp:attachment":[{"href":"https:\/\/www.ccs.ufpb.br\/ppgcn\/wp-json\/wp\/v2\/media?parent=45"}],"curies":[{"name":"wp","href":"https:\/\/api.w.org\/{rel}","templated":true}]}}