{"id":28,"date":"2026-01-24T09:18:23","date_gmt":"2026-01-24T12:18:23","guid":{"rendered":"https:\/\/www.ccs.ufpb.br\/ppgcn\/?page_id=28"},"modified":"2026-03-30T12:07:41","modified_gmt":"2026-03-30T15:07:41","slug":"discentes","status":"publish","type":"page","link":"https:\/\/www.ccs.ufpb.br\/ppgcn\/discentes\/","title":{"rendered":"Discentes"},"content":{"rendered":"\n<p class=\"has-medium-font-size\"><strong>Alunos\/as ativos<\/strong><\/p>\n\n\n\n<p><a href=\"https:\/\/sigaa.ufpb.br\/sigaa\/public\/programa\/alunos.jsf?lc=pt_BR&amp;id=1887\">Veja quem s\u00e3o os estudantes atualmente vinculados ao Programa<\/a><\/p>\n\n\n\n<h2 class=\"wp-block-heading has-medium-font-size\"><div class=\"linha-header\">Voz Discente \u2013 Canal de Escuta<\/div><\/h2>\n\n\n\n<p>A Voz Discente \u00e9 um instrumento institucional de escuta qualificada, vinculado ao processo de <a href=\"https:\/\/www.ccs.ufpb.br\/ppgcn\/autoavaliacao\/\">autoavalia\u00e7\u00e3o<\/a> do PPGCN\/UFPB.<\/p>\n\n\n\n<p>Por meio deste canal, discentes podem registrar, de forma an\u00f4nima, opini\u00f5es, sugest\u00f5es e reclama\u00e7\u00f5es, contribuindo para o monitoramento, avalia\u00e7\u00e3o e aprimoramento cont\u00ednuo das atividades acad\u00eamicas e da gest\u00e3o do Programa.<\/p>\n\n\n\n<p>As informa\u00e7\u00f5es coletadas subsidiam a tomada de decis\u00e3o e o planejamento estrat\u00e9gico, em conson\u00e2ncia com as diretrizes de qualidade da p\u00f3s-gradua\u00e7\u00e3o.<\/p>\n\n\n\n<p>\ud83d\udc49 <strong>Acesse o formul\u00e1rio:<\/strong> <a href=\"https:\/\/forms.gle\/RxLqD5H1VzEMw4gE6\">aqui<\/a><\/p>\n","protected":false},"excerpt":{"rendered":"<p>Alunos\/as ativos Veja quem s\u00e3o os estudantes atualmente vinculados ao Programa Voz Discente \u2013 Canal [&hellip;]<\/p>\n","protected":false},"author":47,"featured_media":0,"parent":0,"menu_order":0,"comment_status":"closed","ping_status":"closed","template":"","meta":{"footnotes":""},"class_list":["post-28","page","type-page","status-publish","hentry"],"_links":{"self":[{"href":"https:\/\/www.ccs.ufpb.br\/ppgcn\/wp-json\/wp\/v2\/pages\/28","targetHints":{"allow":["GET"]}}],"collection":[{"href":"https:\/\/www.ccs.ufpb.br\/ppgcn\/wp-json\/wp\/v2\/pages"}],"about":[{"href":"https:\/\/www.ccs.ufpb.br\/ppgcn\/wp-json\/wp\/v2\/types\/page"}],"author":[{"embeddable":true,"href":"https:\/\/www.ccs.ufpb.br\/ppgcn\/wp-json\/wp\/v2\/users\/47"}],"replies":[{"embeddable":true,"href":"https:\/\/www.ccs.ufpb.br\/ppgcn\/wp-json\/wp\/v2\/comments?post=28"}],"version-history":[{"count":4,"href":"https:\/\/www.ccs.ufpb.br\/ppgcn\/wp-json\/wp\/v2\/pages\/28\/revisions"}],"predecessor-version":[{"id":890,"href":"https:\/\/www.ccs.ufpb.br\/ppgcn\/wp-json\/wp\/v2\/pages\/28\/revisions\/890"}],"wp:attachment":[{"href":"https:\/\/www.ccs.ufpb.br\/ppgcn\/wp-json\/wp\/v2\/media?parent=28"}],"curies":[{"name":"wp","href":"https:\/\/api.w.org\/{rel}","templated":true}]}}