{"id":22,"date":"2024-03-13T11:03:15","date_gmt":"2024-03-13T14:03:15","guid":{"rendered":"https:\/\/www.ccs.ufpb.br\/lmba\/?page_id=22"},"modified":"2024-12-04T12:07:04","modified_gmt":"2024-12-04T15:07:04","slug":"apresentacao","status":"publish","type":"page","link":"https:\/\/www.ccs.ufpb.br\/lmba\/apresentacao\/","title":{"rendered":"Apresenta\u00e7\u00e3o"},"content":{"rendered":"\n<p>O LMBA \u00e9 um laborat\u00f3rio multiusu\u00e1rio vinculado ao Departamento de Nutri\u00e7\u00e3o\/CCS\/UFPB, que d\u00e1 suporte \u00e0s atividades de pesquisa e inova\u00e7\u00e3o exigidas pela comunidade acad\u00eamica (gradua\u00e7\u00e3o e p\u00f3s-gradua\u00e7\u00e3o) interna e externa \u00e0 UFPB, bem como \u00e0s atividades de ensino, com \u00eanfase em an\u00e1lises microbiol\u00f3gicas e bioqu\u00edmicas de alimentos, al\u00e9m de suporte a investiga\u00e7\u00f5es de biologia molecular na interface alimentos, nutri\u00e7\u00e3o e sa\u00fade.<\/p>\n\n\n\n<p>Email: <a href=\"mailto:Labmicrodn.ufpb@gmail.com\"><strong>labmicrodn.ufpb@gmail.com<\/strong><\/a><\/p>\n\n\n\n<p>Contato: 83 32167807<\/p>\n\n\n\n<p><a href=\"https:\/\/www.ccs.ufpb.br\/lmba\/redes-sociais\/\" data-type=\"page\" data-id=\"39\">Redes Sociais<\/a><\/p>\n","protected":false},"excerpt":{"rendered":"<p>O LMBA \u00e9 um laborat\u00f3rio multiusu\u00e1rio vinculado ao Departamento de Nutri\u00e7\u00e3o\/CCS\/UFPB, que d\u00e1 suporte \u00e0s atividades de pesquisa e inova\u00e7\u00e3o exigidas pela comunidade acad\u00eamica (gradua\u00e7\u00e3o e p\u00f3s-gradua\u00e7\u00e3o) interna e externa \u00e0 UFPB, bem como \u00e0s atividades de ensino, com \u00eanfase em an\u00e1lises microbiol\u00f3gicas e bioqu\u00edmicas de alimentos, al\u00e9m de suporte a investiga\u00e7\u00f5es de biologia molecular na interface alimentos, nutri\u00e7\u00e3o e sa\u00fade.<\/p>\n","protected":false},"author":47,"featured_media":373,"parent":0,"menu_order":0,"comment_status":"closed","ping_status":"closed","template":"","meta":{"footnotes":""},"class_list":["post-22","page","type-page","status-publish","has-post-thumbnail","hentry"],"_links":{"self":[{"href":"https:\/\/www.ccs.ufpb.br\/lmba\/wp-json\/wp\/v2\/pages\/22","targetHints":{"allow":["GET"]}}],"collection":[{"href":"https:\/\/www.ccs.ufpb.br\/lmba\/wp-json\/wp\/v2\/pages"}],"about":[{"href":"https:\/\/www.ccs.ufpb.br\/lmba\/wp-json\/wp\/v2\/types\/page"}],"author":[{"embeddable":true,"href":"https:\/\/www.ccs.ufpb.br\/lmba\/wp-json\/wp\/v2\/users\/47"}],"replies":[{"embeddable":true,"href":"https:\/\/www.ccs.ufpb.br\/lmba\/wp-json\/wp\/v2\/comments?post=22"}],"version-history":[{"count":6,"href":"https:\/\/www.ccs.ufpb.br\/lmba\/wp-json\/wp\/v2\/pages\/22\/revisions"}],"predecessor-version":[{"id":497,"href":"https:\/\/www.ccs.ufpb.br\/lmba\/wp-json\/wp\/v2\/pages\/22\/revisions\/497"}],"wp:featuredmedia":[{"embeddable":true,"href":"https:\/\/www.ccs.ufpb.br\/lmba\/wp-json\/wp\/v2\/media\/373"}],"wp:attachment":[{"href":"https:\/\/www.ccs.ufpb.br\/lmba\/wp-json\/wp\/v2\/media?parent=22"}],"curies":[{"name":"wp","href":"https:\/\/api.w.org\/{rel}","templated":true}]}}