{"id":134,"date":"2024-03-21T15:05:12","date_gmt":"2024-03-21T18:05:12","guid":{"rendered":"https:\/\/www.ccs.ufpb.br\/liev\/?page_id=134"},"modified":"2024-05-15T11:27:14","modified_gmt":"2024-05-15T14:27:14","slug":"infraestrutura","status":"publish","type":"page","link":"https:\/\/www.ccs.ufpb.br\/liev\/infraestrutura\/","title":{"rendered":"Infraestrutura"},"content":{"rendered":"\n<p>&nbsp;O LIEV conta com dois espa\u00e7os f\u00edsicos na Universidade Federal da Para\u00edba. Uma sala de reuni\u00f5es e um Laborat\u00f3rio de Voz.<\/p>\n\n\n\n<p>&nbsp;A sala de reuni\u00f5es localiza-se no bloco prof\u00ba Arnaldo Tavares de Melo, e seu objetivo \u00e9 funcionar como um espa\u00e7o de apoio para encontros presenciais dos grupos de pesquisa e orientadores, bem como alinhamento de demandas.<\/p>\n\n\n\n<p>\u00a0O Laborat\u00f3rio de Voz, por sua vez, localiza-se no Bloco de Fonoaudiologia e \u00e9 voltado para coleta de pesquisas e atendimento ao p\u00fablico e, portanto, conta com isolamento ac\u00fastico, cabine ac\u00fastica de grava\u00e7\u00e3o de vozes, e equipamentos otorrinolaringol\u00f3gicos para realiza\u00e7\u00e3o dos exames lar\u00edngeos, como laringosc\u00f3pio, nasofaringosc\u00f3pio, microc\u00e2mera e fonte de luz estrobosc\u00f3pica.<\/p>\n\n\n\n<p>\u00a0\u00a0Para realiza\u00e7\u00e3o das atividades descritas, o laborat\u00f3rio precisa dispor de uma vasta quantidade de equipamentos espec\u00edficos, como por exemplo: <\/p>\n\n\n\n<p>1) Laborat\u00f3rio de grava\u00e7\u00e3o de voz: \u00e9 integrado \u00e0 Cl\u00ednica Escola de Fonoaudiologia\/UFPB, revestido acusticamente, onde s\u00e3o coletadas as amostras de fala dos pacientes e tamb\u00e9m de volunt\u00e1rios de pesquisas vinculadas ao LIEV. Este ambiente cont\u00e9m 01 cabine ac\u00fastica 1,0mx2,0mx1,0m para eliminar o ru\u00eddo no momento da coleta vocal; 01 computador desktop; 02 microfones unidirecional (marca Senheiser, modelo 834) em pedestal; 01 interface de \u00e1udio (marca Behringer); 01 filmadora Digital DCR-DVD650 c\/ 60x Zoom \u00d3ptico e LCD\u00a0<em>Touch Panel<\/em>\u00a0de 2.7\u2033 \u2013 Sony; e\u00a0<em>softwares<\/em>\u00a0para avalia\u00e7\u00e3o e interven\u00e7\u00e3o na \u00e1rea de voz: FonoView, VoxMetria; VocalGrama; FonoTools, todos da CTS Inform\u00e1tica. Mais recentemente adquiriu um telesc\u00f3pio e equipamento de aerodin\u00e2mica. Al\u00e9m desses, o fisi\u00f3grafo modelo I-330-C2 + da J&amp;J Engineering. Pretende-se adquirir vers\u00e3o mais recente para a coleta das medidas fisiol\u00f3gicas.<\/p>\n\n\n\n<p>(2) Sala para pesquisa e reuni\u00f5es cient\u00edficas: conta com rede wifi, 04 arm\u00e1rios-arquivos para armazenar os prontu\u00e1rios de todos os pacientes\/volunt\u00e1rios atendidos em pesquisa e extens\u00e3o da \u00e1rea de Voz; 01 arm\u00e1rio grande para guardar materiais; 03 mesas redondas para reuni\u00f5es de pesquisa; 05 computadores, sendo 03\u00a0<em>desktops<\/em>\u00a0para armazenamento digital dos dados e 02 notebooks para coleta de campo; 03 mesas para os\u00a0<em>desktops<\/em>; 04\u00a0<em>Tabletes iPads\u00a0<\/em>para coleta de campo, 04 microfones\u00a0<em>headsets<\/em>\u00a0da marca Logitech, espec\u00edficos para coleta de amostras de voz, com curva reta.<\/p>\n\n\n\n<p>&nbsp;&nbsp;Para aqueles que desejem conferir de forma mais detalhada os equipamentos que comp\u00f5em a infraestrutura do laborat\u00f3rio, segue o registro do LIEV na Plataforma Nacional de Infraestrutura de Pesquisa, para consulta: <a href=\"https:\/\/pnipe.mcti.gov.br\/laboratory\/19662\">https:\/\/pnipe.mcti.gov.br\/laboratory\/19662<\/a><\/p>\n","protected":false},"excerpt":{"rendered":"<p>&nbsp;O LIEV conta com dois espa\u00e7os f\u00edsicos na Universidade Federal da Para\u00edba. Uma sala de [&hellip;]<\/p>\n","protected":false},"author":47,"featured_media":0,"parent":0,"menu_order":0,"comment_status":"closed","ping_status":"closed","template":"","meta":{"footnotes":""},"class_list":["post-134","page","type-page","status-publish","hentry"],"_links":{"self":[{"href":"https:\/\/www.ccs.ufpb.br\/liev\/wp-json\/wp\/v2\/pages\/134","targetHints":{"allow":["GET"]}}],"collection":[{"href":"https:\/\/www.ccs.ufpb.br\/liev\/wp-json\/wp\/v2\/pages"}],"about":[{"href":"https:\/\/www.ccs.ufpb.br\/liev\/wp-json\/wp\/v2\/types\/page"}],"author":[{"embeddable":true,"href":"https:\/\/www.ccs.ufpb.br\/liev\/wp-json\/wp\/v2\/users\/47"}],"replies":[{"embeddable":true,"href":"https:\/\/www.ccs.ufpb.br\/liev\/wp-json\/wp\/v2\/comments?post=134"}],"version-history":[{"count":3,"href":"https:\/\/www.ccs.ufpb.br\/liev\/wp-json\/wp\/v2\/pages\/134\/revisions"}],"predecessor-version":[{"id":167,"href":"https:\/\/www.ccs.ufpb.br\/liev\/wp-json\/wp\/v2\/pages\/134\/revisions\/167"}],"wp:attachment":[{"href":"https:\/\/www.ccs.ufpb.br\/liev\/wp-json\/wp\/v2\/media?parent=134"}],"curies":[{"name":"wp","href":"https:\/\/api.w.org\/{rel}","templated":true}]}}