{"id":127,"date":"2024-03-21T15:03:29","date_gmt":"2024-03-21T18:03:29","guid":{"rendered":"https:\/\/www.ccs.ufpb.br\/liev\/?page_id=127"},"modified":"2024-05-15T11:27:15","modified_gmt":"2024-05-15T14:27:15","slug":"o-liev","status":"publish","type":"page","link":"https:\/\/www.ccs.ufpb.br\/liev\/o-liev\/","title":{"rendered":"O LIEV"},"content":{"rendered":"\n<p>O Laborat\u00f3rio Integrado de Estudos da Voz (LIEV) \u00e9 um espa\u00e7o did\u00e1tico-pedag\u00f3gico que re\u00fane pesquisadores, estudantes, fonoaudi\u00f3logos e profissionais de \u00e1reas afins, com interesse pelo estudo da voz e comunica\u00e7\u00e3o humana, articulando teoria, pr\u00e1tica e rigor metodol\u00f3gico.<\/p>\n\n\n\n<p>O objetivo deste laborat\u00f3rio \u00e9 realizar estudos e pesquisas sobre os processos envolvidos na produ\u00e7\u00e3o e percep\u00e7\u00e3o da voz, abordando aspectos anat\u00f4micos, neurol\u00f3gicos, fisiol\u00f3gicos, ac\u00fasticos, cognitivos e comportamentais em diferentes contextos da comunica\u00e7\u00e3o humana, incluindo indiv\u00edduos com e sem altera\u00e7\u00e3o em tais processos, al\u00e9m de investigar a variabilidade e desenvolvimento da voz ao longo dos ciclos de vida, e o uso em situa\u00e7\u00f5es de comunica\u00e7\u00e3o profissional, seja na modalidade falada ou cantada.<\/p>\n\n\n\n<p><strong>Miss\u00e3o<\/strong><\/p>\n\n\n\n<p>Fomentar, desenvolver e divulgar pesquisas e produtos de excel\u00eancia e de alto impacto na \u00e1rea da Voz, Tecnologia e Comunica\u00e7\u00e3o Humana, que permitam a melhora da qualidade de vida da popula\u00e7\u00e3o, a otimiza\u00e7\u00e3o de processos cl\u00ednicos e de pesquisa e promovam a media\u00e7\u00e3o na forma\u00e7\u00e3o t\u00e9cnico-cient\u00edfica e no desenvolvimento e carreira dos seus integrantes.<\/p>\n\n\n\n<p><strong>Vis\u00e3o<\/strong><\/p>\n\n\n\n<p>Ser um laborat\u00f3rio de refer\u00eancia no desenvolvimento de pesquisas e forma\u00e7\u00e3o de recursos humanos no campo da Voz, Tecnologia e Comunica\u00e7\u00e3o Humana, com impacto no \u00e2mbito regional, nacional e internacional, colocando o Nordeste, mais especificamente a Para\u00edba, em posi\u00e7\u00e3o de destaque.<\/p>\n\n\n\n<p><strong>Meta<\/strong><\/p>\n\n\n\n<p>Ampliar nosso financiamento de pesquisas, n\u00famero de publica\u00e7\u00f5es e produtos, assim como a efetiva inser\u00e7\u00e3o dos nossos egressos no mercado de trabalho.<\/p>\n\n\n\n<p><strong>Valores<\/strong><\/p>\n\n\n\n<p>Os valores do LIEV s\u00e3o pautados no desenvolvimento de estudo da voz humana com a integra\u00e7\u00e3o de diversas ci\u00eancias, sempre com \u00e9tica, seriedade, inova\u00e7\u00e3o e precis\u00e3o metodol\u00f3gica.<\/p>\n","protected":false},"excerpt":{"rendered":"<p>O Laborat\u00f3rio Integrado de Estudos da Voz (LIEV) \u00e9 um espa\u00e7o did\u00e1tico-pedag\u00f3gico que re\u00fane pesquisadores, [&hellip;]<\/p>\n","protected":false},"author":47,"featured_media":0,"parent":0,"menu_order":0,"comment_status":"closed","ping_status":"closed","template":"","meta":{"footnotes":""},"class_list":["post-127","page","type-page","status-publish","hentry"],"_links":{"self":[{"href":"https:\/\/www.ccs.ufpb.br\/liev\/wp-json\/wp\/v2\/pages\/127","targetHints":{"allow":["GET"]}}],"collection":[{"href":"https:\/\/www.ccs.ufpb.br\/liev\/wp-json\/wp\/v2\/pages"}],"about":[{"href":"https:\/\/www.ccs.ufpb.br\/liev\/wp-json\/wp\/v2\/types\/page"}],"author":[{"embeddable":true,"href":"https:\/\/www.ccs.ufpb.br\/liev\/wp-json\/wp\/v2\/users\/47"}],"replies":[{"embeddable":true,"href":"https:\/\/www.ccs.ufpb.br\/liev\/wp-json\/wp\/v2\/comments?post=127"}],"version-history":[{"count":2,"href":"https:\/\/www.ccs.ufpb.br\/liev\/wp-json\/wp\/v2\/pages\/127\/revisions"}],"predecessor-version":[{"id":157,"href":"https:\/\/www.ccs.ufpb.br\/liev\/wp-json\/wp\/v2\/pages\/127\/revisions\/157"}],"wp:attachment":[{"href":"https:\/\/www.ccs.ufpb.br\/liev\/wp-json\/wp\/v2\/media?parent=127"}],"curies":[{"name":"wp","href":"https:\/\/api.w.org\/{rel}","templated":true}]}}

<p>O Laboratório Integrado de Estudos da Voz (LIEV) é um espaço didático-pedagógico que reúne pesquisadores, estudantes, fonoaudiólogos e profissionais de áreas afins, com interesse pelo estudo da voz e comunicação humana, articulando teoria, prática e rigor metodológico.</p>



<p>O objetivo deste laboratório é realizar estudos e pesquisas sobre os processos envolvidos na produção e percepção da voz, abordando aspectos anatômicos, neurológicos, fisiológicos, acústicos, cognitivos e comportamentais em diferentes contextos da comunicação humana, incluindo indivíduos com e sem alteração em tais processos, além de investigar a variabilidade e desenvolvimento da voz ao longo dos ciclos de vida, e o uso em situações de comunicação profissional, seja na modalidade falada ou cantada.</p>



<p><strong>Missão</strong></p>



<p>Fomentar, desenvolver e divulgar pesquisas e produtos de excelência e de alto impacto na área da Voz, Tecnologia e Comunicação Humana, que permitam a melhora da qualidade de vida da população, a otimização de processos clínicos e de pesquisa e promovam a mediação na formação técnico-científica e no desenvolvimento e carreira dos seus integrantes.</p>



<p><strong>Visão</strong></p>



<p>Ser um laboratório de referência no desenvolvimento de pesquisas e formação de recursos humanos no campo da Voz, Tecnologia e Comunicação Humana, com impacto no âmbito regional, nacional e internacional, colocando o Nordeste, mais especificamente a Paraíba, em posição de destaque.</p>



<p><strong>Meta</strong></p>



<p>Ampliar nosso financiamento de pesquisas, número de publicações e produtos, assim como a efetiva inserção dos nossos egressos no mercado de trabalho.</p>



<p><strong>Valores</strong></p>



<p>Os valores do LIEV são pautados no desenvolvimento de estudo da voz humana com a integração de diversas ciências, sempre com ética, seriedade, inovação e precisão metodológica.</p>

<p>O Laboratório Integrado de Estudos da Voz (LIEV) é um espaço didático-pedagógico que reúne pesquisadores, [&hellip;]</p>
