{"id":24,"date":"2026-02-12T09:48:15","date_gmt":"2026-02-12T12:48:15","guid":{"rendered":"https:\/\/www.ccs.ufpb.br\/lanucam\/?page_id=24"},"modified":"2026-05-27T16:06:52","modified_gmt":"2026-05-27T19:06:52","slug":"noticias","status":"publish","type":"page","link":"https:\/\/www.ccs.ufpb.br\/lanucam\/noticias\/","title":{"rendered":"Not\u00edcias"},"content":{"rendered":"\n<h2 class=\"wp-block-heading\"><div class=\"linha-header\">Dr. Jos\u00e9 Luiz de Brito Alves participa de mesa-redonda no CONBRAN 2026<\/div><\/h2>\n\n\n\n<p class=\"wp-block-paragraph\">O professor <strong>Dr. Jos\u00e9 Luiz de Brito Alves<\/strong>, docente da Universidade Federal da Para\u00edba (UFPB) e coordenador do <strong>LaNuCaM<\/strong>, participou, no dia 13 de maio de 2026, da mesa-redonda <em>\u201cMicrobiota intestinal e performance: a ci\u00eancia do eixo intestino\u2013m\u00fasculo\u201d<\/em>, realizada durante o <strong>CONBRAN 2026<\/strong>, em Curitiba (PR).<\/p>\n\n\n\n<p class=\"wp-block-paragraph\">O congresso, promovido pela <strong>Associa\u00e7\u00e3o Brasileira de Nutri\u00e7\u00e3o (ASBRAN)<\/strong>, reuniu pesquisadores, profissionais e estudantes de todo o pa\u00eds para discutir temas atuais e estrat\u00e9gicos para a \u00e1rea da Nutri\u00e7\u00e3o. Nesta edi\u00e7\u00e3o, o evento teve como tema central <em><strong>\u201cNutri\u00e7\u00e3o e dieta em tempos de intelig\u00eancia artificial e emerg\u00eancia clim\u00e1tica\u201d<\/strong><\/em>.<\/p>\n\n\n\n<p class=\"wp-block-paragraph\">Durante a mesa-redonda, o professor ministrou a palestra <em><strong>\u201cAvalia\u00e7\u00e3o da composi\u00e7\u00e3o da microbiota intestinal para o direcionamento de interven\u00e7\u00f5es nutricionais\u201d<\/strong><\/em>, abordando evid\u00eancias cient\u00edficas sobre a utiliza\u00e7\u00e3o da an\u00e1lise da microbiota intestinal como ferramenta para estrat\u00e9gias nutricionais mais individualizadas e direcionadas.<\/p>\n\n\n\n<p class=\"wp-block-paragraph\">A atividade tamb\u00e9m contou com a participa\u00e7\u00e3o dos pesquisadores Jo\u00e3o Felipe Mota e Marcus Vinicius Lucio dos Santos Quaresma, al\u00e9m da media\u00e7\u00e3o de Priscila Dabaghi. O debate reuniu diferentes perspectivas sobre microbiota intestinal, desempenho f\u00edsico e interven\u00e7\u00f5es nutricionais aplicadas \u00e0 sa\u00fade e \u00e0 performance.<\/p>\n\n\n\n<p class=\"wp-block-paragraph\">A participa\u00e7\u00e3o no CONBRAN 2026 refor\u00e7a o compromisso com a produ\u00e7\u00e3o cient\u00edfica, a pesquisa translacional e a inser\u00e7\u00e3o nacional em discuss\u00f5es estrat\u00e9gicas para o avan\u00e7o da Nutri\u00e7\u00e3o e das Ci\u00eancias da Sa\u00fade.<\/p>\n\n\n\n<div class=\"wp-block-columns is-layout-flex wp-container-core-columns-is-layout-8f761849 wp-block-columns-is-layout-flex\">\n<div class=\"wp-block-column is-layout-flow wp-block-column-is-layout-flow\" style=\"flex-basis:100%\">\n<figure class=\"wp-block-image size-large\"><img loading=\"lazy\" decoding=\"async\" width=\"937\" height=\"1024\" src=\"https:\/\/www.ccs.ufpb.br\/lanucam\/wp-content\/uploads\/sites\/21\/sites\/447\/2026\/05\/image-3-937x1024.png\" alt=\"\" class=\"wp-image-127\" style=\"aspect-ratio:0.9150629878661412\" srcset=\"https:\/\/www.ccs.ufpb.br\/lanucam\/wp-content\/uploads\/sites\/21\/sites\/447\/2026\/05\/image-3-937x1024.png 937w, https:\/\/www.ccs.ufpb.br\/lanucam\/wp-content\/uploads\/sites\/21\/sites\/447\/2026\/05\/image-3-274x300.png 274w, https:\/\/www.ccs.ufpb.br\/lanucam\/wp-content\/uploads\/sites\/21\/sites\/447\/2026\/05\/image-3-768x840.png 768w, https:\/\/www.ccs.ufpb.br\/lanucam\/wp-content\/uploads\/sites\/21\/sites\/447\/2026\/05\/image-3.png 1170w\" sizes=\"auto, (max-width: 937px) 100vw, 937px\" \/><\/figure>\n<\/div>\n<\/div>\n","protected":false},"excerpt":{"rendered":"<p>Dr. Jos\u00e9 Luiz de Brito Alves participa de mesa-redonda no CONBRAN 2026 O professor Dr. [&hellip;]<\/p>\n","protected":false},"author":47,"featured_media":0,"parent":0,"menu_order":0,"comment_status":"closed","ping_status":"closed","template":"","meta":{"footnotes":""},"class_list":["post-24","page","type-page","status-publish","hentry"],"_links":{"self":[{"href":"https:\/\/www.ccs.ufpb.br\/lanucam\/wp-json\/wp\/v2\/pages\/24","targetHints":{"allow":["GET"]}}],"collection":[{"href":"https:\/\/www.ccs.ufpb.br\/lanucam\/wp-json\/wp\/v2\/pages"}],"about":[{"href":"https:\/\/www.ccs.ufpb.br\/lanucam\/wp-json\/wp\/v2\/types\/page"}],"author":[{"embeddable":true,"href":"https:\/\/www.ccs.ufpb.br\/lanucam\/wp-json\/wp\/v2\/users\/47"}],"replies":[{"embeddable":true,"href":"https:\/\/www.ccs.ufpb.br\/lanucam\/wp-json\/wp\/v2\/comments?post=24"}],"version-history":[{"count":7,"href":"https:\/\/www.ccs.ufpb.br\/lanucam\/wp-json\/wp\/v2\/pages\/24\/revisions"}],"predecessor-version":[{"id":129,"href":"https:\/\/www.ccs.ufpb.br\/lanucam\/wp-json\/wp\/v2\/pages\/24\/revisions\/129"}],"wp:attachment":[{"href":"https:\/\/www.ccs.ufpb.br\/lanucam\/wp-json\/wp\/v2\/media?parent=24"}],"curies":[{"name":"wp","href":"https:\/\/api.w.org\/{rel}","templated":true}]}}

Notícias

<h2 class="wp-block-heading"><div class="linha-header">Dr. José Luiz de Brito Alves participa de mesa-redonda no CONBRAN 2026</div></h2>



<p class="wp-block-paragraph">O professor <strong>Dr. José Luiz de Brito Alves</strong>, docente da Universidade Federal da Paraíba (UFPB) e coordenador do <strong>LaNuCaM</strong>, participou, no dia 13 de maio de 2026, da mesa-redonda <em>“Microbiota intestinal e performance: a ciência do eixo intestino–músculo”</em>, realizada durante o <strong>CONBRAN 2026</strong>, em Curitiba (PR).</p>



<p class="wp-block-paragraph">O congresso, promovido pela <strong>Associação Brasileira de Nutrição (ASBRAN)</strong>, reuniu pesquisadores, profissionais e estudantes de todo o país para discutir temas atuais e estratégicos para a área da Nutrição. Nesta edição, o evento teve como tema central <em><strong>“Nutrição e dieta em tempos de inteligência artificial e emergência climática”</strong></em>.</p>



<p class="wp-block-paragraph">Durante a mesa-redonda, o professor ministrou a palestra <em><strong>“Avaliação da composição da microbiota intestinal para o direcionamento de intervenções nutricionais”</strong></em>, abordando evidências científicas sobre a utilização da análise da microbiota intestinal como ferramenta para estratégias nutricionais mais individualizadas e direcionadas.</p>



<p class="wp-block-paragraph">A atividade também contou com a participação dos pesquisadores João Felipe Mota e Marcus Vinicius Lucio dos Santos Quaresma, além da mediação de Priscila Dabaghi. O debate reuniu diferentes perspectivas sobre microbiota intestinal, desempenho físico e intervenções nutricionais aplicadas à saúde e à performance.</p>



<p class="wp-block-paragraph">A participação no CONBRAN 2026 reforça o compromisso com a produção científica, a pesquisa translacional e a inserção nacional em discussões estratégicas para o avanço da Nutrição e das Ciências da Saúde.</p>



<div class="wp-block-columns is-layout-flex wp-container-core-columns-is-layout-8f761849 wp-block-columns-is-layout-flex">
<div class="wp-block-column is-layout-flow wp-block-column-is-layout-flow" style="flex-basis:100%">
<figure class="wp-block-image size-large"><img loading="lazy" decoding="async" width="937" height="1024" src="https://www.ccs.ufpb.br/lanucam/wp-content/uploads/sites/21/sites/447/2026/05/image-3-937x1024.png" alt="" class="wp-image-127" style="aspect-ratio:0.9150629878661412" srcset="https://www.ccs.ufpb.br/lanucam/wp-content/uploads/sites/21/sites/447/2026/05/image-3-937x1024.png 937w, https://www.ccs.ufpb.br/lanucam/wp-content/uploads/sites/21/sites/447/2026/05/image-3-274x300.png 274w, https://www.ccs.ufpb.br/lanucam/wp-content/uploads/sites/21/sites/447/2026/05/image-3-768x840.png 768w, https://www.ccs.ufpb.br/lanucam/wp-content/uploads/sites/21/sites/447/2026/05/image-3.png 1170w" sizes="auto, (max-width: 937px) 100vw, 937px" /></figure>
</div>
</div>

<p>Dr. José Luiz de Brito Alves participa de mesa-redonda no CONBRAN 2026 O professor Dr. [&hellip;]</p>
