{"id":44,"date":"2026-03-04T22:26:22","date_gmt":"2026-03-05T01:26:22","guid":{"rendered":"https:\/\/www.ccs.ufpb.br\/coordfarm\/?page_id=44"},"modified":"2026-03-04T22:26:23","modified_gmt":"2026-03-05T01:26:23","slug":"consulta-eletiva","status":"publish","type":"page","link":"https:\/\/www.ccs.ufpb.br\/coordfarm\/consulta-eletiva\/","title":{"rendered":"Consulta Eletiva"},"content":{"rendered":"\n<h2 class=\"wp-block-heading\"><div class=\"linha-header\">Elei\u00e7\u00e3o da Gest\u00e3o da Coordena\u00e7\u00e3o do Curso de Gradua\u00e7\u00e3o em Farm\u00e1cia<\/div><\/h2>\n\n\n\n<p>Elei\u00e7\u00e3o para Gest\u00e3o 2024-2026<\/p>\n\n\n\n<p>In\u00edcio da Nova Gest\u00e3o: Julho de 2024<\/p>\n\n\n\n<p>EDITAL CONSULTA PARA COORDENA\u00c7\u00c3O DO CURSO DE FARM\u00c1CIA<\/p>\n\n\n\n<p><a href=\"http:\/\/plone.ufpb.br\/coordfarm\/contents\/documentos\/eleicao-gestao\/anexo_i_2024.docx\">ANEXO I<\/a><\/p>\n\n\n\n<p><a href=\"http:\/\/plone.ufpb.br\/coordfarm\/contents\/documentos\/eleicao-gestao\/anexo_ii_2024.docx\">ANEXO II<\/a><\/p>\n\n\n\n<p><a href=\"http:\/\/plone.ufpb.br\/coordfarm\/contents\/documentos\/eleicao-gestao\/copy_of_EDITAL_DE_CONSULTA_PARA_COORDENACAO_DO_CURSO_DE_FARMACIA_2024_V2_assinado_assinado_assinado.pdf\">NOVA CONSULTA &#8211; EDITAL DA CONSULTA PARA COORDENA\u00c7\u00c3O DO CURSO DE FARM\u00c1CIA<\/a><\/p>\n\n\n\n<p>Elei\u00e7\u00e3o para Gest\u00e3o 2022-2024<\/p>\n\n\n\n<p>In\u00edcio da Nova Gest\u00e3o: Julho de 2024<\/p>\n","protected":false},"excerpt":{"rendered":"<p>Elei\u00e7\u00e3o da Gest\u00e3o da Coordena\u00e7\u00e3o do Curso de Gradua\u00e7\u00e3o em Farm\u00e1cia Elei\u00e7\u00e3o para Gest\u00e3o 2024-2026 [&hellip;]<\/p>\n","protected":false},"author":47,"featured_media":0,"parent":0,"menu_order":0,"comment_status":"closed","ping_status":"closed","template":"","meta":{"footnotes":""},"class_list":["post-44","page","type-page","status-publish","hentry"],"_links":{"self":[{"href":"https:\/\/www.ccs.ufpb.br\/coordfarm\/wp-json\/wp\/v2\/pages\/44","targetHints":{"allow":["GET"]}}],"collection":[{"href":"https:\/\/www.ccs.ufpb.br\/coordfarm\/wp-json\/wp\/v2\/pages"}],"about":[{"href":"https:\/\/www.ccs.ufpb.br\/coordfarm\/wp-json\/wp\/v2\/types\/page"}],"author":[{"embeddable":true,"href":"https:\/\/www.ccs.ufpb.br\/coordfarm\/wp-json\/wp\/v2\/users\/47"}],"replies":[{"embeddable":true,"href":"https:\/\/www.ccs.ufpb.br\/coordfarm\/wp-json\/wp\/v2\/comments?post=44"}],"version-history":[{"count":1,"href":"https:\/\/www.ccs.ufpb.br\/coordfarm\/wp-json\/wp\/v2\/pages\/44\/revisions"}],"predecessor-version":[{"id":45,"href":"https:\/\/www.ccs.ufpb.br\/coordfarm\/wp-json\/wp\/v2\/pages\/44\/revisions\/45"}],"wp:attachment":[{"href":"https:\/\/www.ccs.ufpb.br\/coordfarm\/wp-json\/wp\/v2\/media?parent=44"}],"curies":[{"name":"wp","href":"https:\/\/api.w.org\/{rel}","templated":true}]}}

<h2 class="wp-block-heading"><div class="linha-header">Eleição da Gestão da Coordenação do Curso de Graduação em Farmácia</div></h2>



<p>Eleição para Gestão 2024-2026</p>



<p>Início da Nova Gestão: Julho de 2024</p>



<p>EDITAL CONSULTA PARA COORDENAÇÃO DO CURSO DE FARMÁCIA</p>



<p><a href="http://plone.ufpb.br/coordfarm/contents/documentos/eleicao-gestao/anexo_i_2024.docx">ANEXO I</a></p>



<p><a href="http://plone.ufpb.br/coordfarm/contents/documentos/eleicao-gestao/anexo_ii_2024.docx">ANEXO II</a></p>



<p><a href="http://plone.ufpb.br/coordfarm/contents/documentos/eleicao-gestao/copy_of_EDITAL_DE_CONSULTA_PARA_COORDENACAO_DO_CURSO_DE_FARMACIA_2024_V2_assinado_assinado_assinado.pdf">NOVA CONSULTA &#8211; EDITAL DA CONSULTA PARA COORDENAÇÃO DO CURSO DE FARMÁCIA</a></p>



<p>Eleição para Gestão 2022-2024</p>



<p>Início da Nova Gestão: Julho de 2024</p>

<p>Eleição da Gestão da Coordenação do Curso de Graduação em Farmácia Eleição para Gestão 2024-2026 [&hellip;]</p>
