{"id":22,"date":"2026-03-04T21:55:51","date_gmt":"2026-03-05T00:55:51","guid":{"rendered":"https:\/\/www.ccs.ufpb.br\/coordfarm\/?page_id=22"},"modified":"2026-03-04T21:55:52","modified_gmt":"2026-03-05T00:55:52","slug":"a-profissao","status":"publish","type":"page","link":"https:\/\/www.ccs.ufpb.br\/coordfarm\/a-profissao\/","title":{"rendered":"A Profiss\u00e3o"},"content":{"rendered":"\n<p>O perfil do Farmac\u00eautico graduado pelo Curso de Farm\u00e1cia da Universidade Federal da Para\u00edba \u00e9 de um profissional com forma\u00e7\u00e3o generalista, humanista, cr\u00edtica e reflexiva, que tem como atribui\u00e7\u00f5es essenciais a promo\u00e7\u00e3o e a prote\u00e7\u00e3o da sa\u00fade humana, por meio de atividades relacionadas ao f\u00e1rmaco, ao medicamento e correlatos, \u00e0s an\u00e1lises cl\u00ednicas e toxicol\u00f3gicas, ao alimento e \u00e0 sa\u00fade coletiva.<\/p>\n\n\n\n<p><br>Sua atua\u00e7\u00e3o deve estar pautada no rigor cient\u00edfico, intelectual e \u00e9tico, atrav\u00e9s do exerc\u00edcio do pensamento cr\u00edtico e ju\u00edzo profissional, do gerenciamento, da an\u00e1lise de dados, da tomada de decis\u00f5es e solu\u00e7\u00e3o de problemas, da comunica\u00e7\u00e3o, da constru\u00e7\u00e3o do conhecimento e desenvolvimento profissional e da intera\u00e7\u00e3o social, sempre comprometido com a transforma\u00e7\u00e3o de realidades e benef\u00edcio da sociedade, com a conseq\u00fcente melhoria da qualidade de vida da popula\u00e7\u00e3o.<\/p>\n\n\n\n<p><br>O profissional farmac\u00eautico com este perfil poder\u00e1 atuar como part\u00edcipe de equipe multiprofissional, em todos os n\u00edveis de aten\u00e7\u00e3o \u00e0 sa\u00fade individual e coletiva, no \u00e2mbito do Sistema \u00danico de Sa\u00fade (SUS) e no servi\u00e7o privado em a\u00e7\u00f5es de assist\u00eancia e aten\u00e7\u00e3o farmac\u00eautica, regula\u00e7\u00e3o e vigil\u00e2ncia sanit\u00e1ria, farmacoepidemiologia e farmacovigil\u00e2ncia, nas atividades de produ\u00e7\u00e3o e manipula\u00e7\u00e3o de medicamentos, an\u00e1lises diagn\u00f3stico-terap\u00eauticas e de alimentos, e na pesquisa em todas as \u00e1reas de seu conhecimento.<\/p>\n\n\n\n<p><br>Espera-se formar um profissional capaz de atender as exig\u00eancias de qualidade \u00e9tica e t\u00e9cnica para o exerc\u00edcio das atribui\u00e7\u00f5es definidas pelo Decreto No 85.878, de 7 de abril de 1981.<\/p>\n\n\n\n<p><br><strong><em>\u201cArt 1\u00ba<\/em><\/strong><em>&nbsp;S\u00e3o atribui\u00e7\u00f5es privativas dos profissionais farmac\u00eauticos:<\/em><br><strong><em>I<\/em><\/strong><em>&nbsp;&#8211; desempenho de fun\u00e7\u00f5es de dispensa\u00e7\u00e3o ou manipula\u00e7\u00e3o de f\u00f3rmulas magistrais e farmacop\u00e9icas, quando a servi\u00e7o do p\u00fablico em geral ou mesmo de natureza privada;<\/em><br><strong><em>II<\/em><\/strong><em>&nbsp;&#8211; assessoramento e responsabilidade t\u00e9cnica em:<\/em><br><strong><em>a<\/em><\/strong><em>) estabelecimentos industriais farmac\u00eauticos em que se fabriquem produtos que tenham indica\u00e7\u00f5es e\/ou a\u00e7\u00f5es terap\u00eauticas, anest\u00e9sicos ou auxiliares de diagn\u00f3stico, ou capazes de criar depend\u00eancia f\u00edsica ou ps\u00edquica;<\/em><br><strong><em>b<\/em><\/strong><em>) \u00f3rg\u00e3os, laborat\u00f3rios, setores ou estabelecimentos farmac\u00eauticos em que se executem controle e\/ou inspe\u00e7\u00e3o de qualidade, an\u00e1lise pr\u00e9via, an\u00e1lise de controle e an\u00e1lise fiscal de produtos que tenham destina\u00e7\u00e3o terap\u00eautica, anest\u00e9sica ou auxiliar de diagn\u00f3sticos ou capazes de determinar depend\u00eancia f\u00edsica ou ps\u00edquica;<\/em><br><strong><em>c<\/em><\/strong><em>) \u00f3rg\u00e3os, laborat\u00f3rios, setores ou estabelecimentos farmac\u00eauticos em que se pratiquem extra\u00e7\u00e3o, purifica\u00e7\u00e3o, controle de qualidade, inspe\u00e7\u00e3o de qualidade, an\u00e1lise pr\u00e9via, an\u00e1lise de controle e an\u00e1lise fiscal de insumos farmac\u00eauticos de origem vegetal, animal e mineral;<\/em><br><strong><em>d<\/em><\/strong><em>) dep\u00f3sitos de produtos farmac\u00eauticos de qualquer natureza;<\/em><br><strong><em>III<\/em><\/strong><em>&nbsp;&#8211; a fiscaliza\u00e7\u00e3o profissional sanit\u00e1ria e t\u00e9cnica de empresas, estabelecimentos, setores, f\u00f3rmulas, produtos, processos e m\u00e9todos farmac\u00eauticos ou de natureza farmac\u00eautica;<\/em><br><strong><em>IV<\/em><\/strong><em>&nbsp;&#8211; a elabora\u00e7\u00e3o de laudos t\u00e9cnicos e a realiza\u00e7\u00e3o de per\u00edcias t\u00e9cnico-legais relacionados com atividades, produtos, f\u00f3rmulas, processos e m\u00e9todos farmac\u00eauticos ou de natureza farmac\u00eautica;<\/em><br><strong><em>V<\/em><\/strong><em>&nbsp;&#8211; o magist\u00e9rio superior das mat\u00e9rias privativas constantes do curr\u00edculo pr\u00f3prio do curso de forma\u00e7\u00e3o farmac\u00eautica, obedecida a legisla\u00e7\u00e3o do ensino;<\/em><br><strong><em>VI<\/em><\/strong><em>&nbsp;&#8211; desempenho de outros servi\u00e7os e fun\u00e7\u00f5es, n\u00e3o especificados no presente Decreto, que se situem no dom\u00ednio de capacita\u00e7\u00e3o t\u00e9cnico-cient\u00edfica profissional.<\/em><\/p>\n\n\n\n<p><a><\/a><strong><em>Art 2\u00ba<\/em><\/strong>&nbsp;<em>S\u00e3o atribui\u00e7\u00f5es dos profissionais farmac\u00eauticos, as seguintes atividades afins, respeitadas as modalidades profissionais, ainda que n\u00e3o privativas ou exclusivas:<\/em><br><strong><em>I<\/em><\/strong><em>&nbsp;&#8211; a dire\u00e7\u00e3o, o assessoramento, a responsabilidade t\u00e9cnica e o desempenho de fun\u00e7\u00f5es especializadas exercidas em:<\/em><br><strong><em>a<\/em><\/strong><em>) \u00f3rg\u00e3os, empresas, estabelecimentos, laborat\u00f3rios ou setores em que se preparem ou fabriquem produtos biol\u00f3gicos, imunoter\u00e1picos, soros, vacinas, al\u00e9rgenos, opoter\u00e1picos para uso humano e veterin\u00e1rio, bem como de derivados do sangue;<\/em><br><strong><em>b<\/em><\/strong><em>) \u00f3rg\u00e3os ou laborat\u00f3rios de an\u00e1lises cl\u00ednicas ou de sa\u00fade p\u00fablica ou seus departamentos especializados;<\/em><br><strong><em>c<\/em><\/strong><em>) estabelecimentos industriais em que se fabriquem produtos farmac\u00eauticos para uso veterin\u00e1rio;<\/em><br><strong><em>d<\/em><\/strong><em>) estabelecimentos industriais em que se fabriquem insumos farmac\u00eauticos para uso humano ou veterin\u00e1rio e insumos para produtos diet\u00e9ticos e cosm\u00e9ticos com indica\u00e7\u00e3o terap\u00eautica;<\/em><br><strong><em>e<\/em><\/strong><em>) estabelecimentos industriais em que se fabriquem produtos saneantes, inseticidas, raticidas, antiss\u00e9ticos e desinfetantes;<\/em><br><strong><em>f<\/em><\/strong><em>) estabelecimentos industriais ou institui\u00e7\u00f5es governamentais onde sejam produzidos radiois\u00f3topos ou radiof\u00e1rmacos para uso em diagn\u00f3stico e terap\u00eautica;<\/em><br><strong><em>g<\/em><\/strong><em>) estabelecimentos industriais, institui\u00e7\u00f5es governamentais ou laborat\u00f3rios especializados em que se fabriquem conjuntos de reativos ou de reagentes destinados \u00e0s diferentes an\u00e1lises auxiliares do diagn\u00f3stico m\u00e9dico;<\/em><br><strong><em>h<\/em><\/strong><em>) estabelecimentos industriais em que se fabriquem produtos cosm\u00e9ticos sem indica\u00e7\u00e3o terap\u00eautica e produtos diet\u00e9ticos e alimentares;<\/em><br><strong><em>i<\/em><\/strong><em>) \u00f3rg\u00e3os, laborat\u00f3rios ou estabelecimentos em que se pratiquem exames de car\u00e1ter qu\u00edmico-toxicol\u00f3gico, qu\u00edmico-bromatol\u00f3gico, qu\u00edmico-farmac\u00eautico, biol\u00f3gicos, microbiol\u00f3gicos, fitoqu\u00edmicos e sanit\u00e1rios;<\/em><br><strong><em>j<\/em><\/strong><em>) controle, pesquisa e per\u00edcia da polui\u00e7\u00e3o atmosf\u00e9rica e tratamento dos despejos industriais.<\/em><br><strong><em>II<\/em><\/strong><em>&nbsp;&#8211; tratamento e controle de qualidade das \u00e1guas de consumo humano, de ind\u00fastria farmac\u00eautica, de piscinas, praias e balne\u00e1rios, salvo se necess\u00e1rio o emprego de rea\u00e7\u00f5es qu\u00edmicas controladas ou opera\u00e7\u00f5es unit\u00e1rias;<\/em><br><strong><em>Ill<\/em><\/strong><em>&nbsp;&#8211; vistoria, per\u00edcia, avalia\u00e7\u00e3o, arbitramento e servi\u00e7os t\u00e9cnicos, elabora\u00e7\u00e3o de pareceres, laudos e atestados do \u00e2mbito das atribui\u00e7\u00f5es respectivas&#8230;.\u201d<\/em><\/p>\n\n\n\n<p>Compet\u00eancias e Habilidades do Farmac\u00eautico<\/p>\n\n\n\n<p>O Curso de Gradua\u00e7\u00e3o em Farm\u00e1cia da Universidade Federal da Para\u00edba adota como objetivos de forma\u00e7\u00e3o a implementa\u00e7\u00e3o das compet\u00eancias e habilidades espec\u00edficas, preconizadas pelas Diretrizes Curriculares Nacionais do Curso de Gradua\u00e7\u00e3o em Farm\u00e1cia, requeridas para o exerc\u00edcio profissional , quais sejam:<\/p>\n\n\n\n<ol class=\"wp-block-list\">\n<li>\n<ul class=\"wp-block-list\">\n<li>respeitar os princ\u00edpios \u00e9ticos inerentes ao exerc\u00edcio profissional;<\/li>\n\n\n\n<li>atuar em todos os n\u00edveis de aten\u00e7\u00e3o \u00e0 sa\u00fade, integrando-se em programas de promo\u00e7\u00e3o, manuten\u00e7\u00e3o, preven\u00e7\u00e3o, prote\u00e7\u00e3o e recupera\u00e7\u00e3o da sa\u00fade, sensibilizados e comprometidos com o ser humano, respeitando-o e valorizando-o;<\/li>\n\n\n\n<li>atuar multiprofissionalmente, interdisciplinarmente e transdisciplinarmente com extrema produtividade na promo\u00e7\u00e3o da sa\u00fade baseado na convic\u00e7\u00e3o cient\u00edfica, de cidadania e de \u00e9tica;<\/li>\n\n\n\n<li>reconhecer a sa\u00fade como direito e condi\u00e7\u00f5es dignas de vida e atuar de forma a garantir a integralidade da assist\u00eancia, entendida como conjunto articulado e cont\u00ednuo das a\u00e7\u00f5es e servi\u00e7os preventivos e curativos, individuais e coletivos, exigidos para cada caso em todos os n\u00edveis de complexidade do sistema;<\/li>\n\n\n\n<li>exercer sua profiss\u00e3o de forma articulada ao contexto social, entendendo-a como uma forma de participa\u00e7\u00e3o e contribui\u00e7\u00e3o social;<\/li>\n\n\n\n<li>conhecer m\u00e9todos e t\u00e9cnicas de investiga\u00e7\u00e3o e elabora\u00e7\u00e3o de trabalhos acad\u00eamicos e cient\u00edficos;<\/li>\n\n\n\n<li>desenvolver assist\u00eancia farmac\u00eautica individual e coletiva;<\/li>\n\n\n\n<li>atuar na pesquisa, desenvolvimento, sele\u00e7\u00e3o, manipula\u00e7\u00e3o, produ\u00e7\u00e3o, armazenamento e controle de qualidade de insumos, f\u00e1rmacos, sint\u00e9ticos, recombinantes e naturais, medicamentos, cosm\u00e9ticos, saneantes e domissaneantes e correlatos;<\/li>\n\n\n\n<li>atuar em \u00f3rg\u00e3os de regulamenta\u00e7\u00e3o e fiscaliza\u00e7\u00e3o do exerc\u00edcio profissional e de aprova\u00e7\u00e3o, registro e controle de medicamentos, cosm\u00e9ticos, saneantes, domissaneantes e correlatos;<\/li>\n\n\n\n<li>atuar na avalia\u00e7\u00e3o toxicol\u00f3gica de medicamentos, cosm\u00e9ticos, saneantes, domissaneantes, correlatos e alimentos;<\/li>\n\n\n\n<li>realizar, interpretar, emitir laudos e pareceres e responsabilizar-se tecnicamente por an\u00e1lises cl\u00ednico-laboratoriais, incluindo os exames hematol\u00f3gicos, citol\u00f3gicos, citopatol\u00f3gicos e histoqu\u00edmicos, biologia molecular, bem como an\u00e1lises toxicol\u00f3gicas, dentro dos padr\u00f5es de qualidade e normas de seguran\u00e7a;<\/li>\n\n\n\n<li>realizar procedimentos relacionados \u00e0 coleta de material para fins de an\u00e1lises laboratoriais e toxicol\u00f3gicas;<\/li>\n\n\n\n<li>avaliar a interfer\u00eancia de medicamentos, alimentos e outros interferentes em exames laboratoriais;avaliar as intera\u00e7\u00f5es medicamento\/medicamento e alimento\/medicamento;<\/li>\n\n\n\n<li>exercer a farmacoepidemiologia;<\/li>\n\n\n\n<li>exercer a dispensa\u00e7\u00e3o e administra\u00e7\u00e3o de nutrac\u00eauticos e de alimentos de uso integral e parenteral;<\/li>\n\n\n\n<li>atuar no planejamento, administra\u00e7\u00e3o e gest\u00e3o de servi\u00e7os farmac\u00eauticos, incluindo registro, autoriza\u00e7\u00e3o de produ\u00e7\u00e3o, distribui\u00e7\u00e3o e comercializa\u00e7\u00e3o de medicamentos, cosm\u00e9ticos, saneantes, domissaneantes e correlatos;<\/li>\n\n\n\n<li>atuar no desenvolvimento e opera\u00e7\u00e3o de sistemas de informa\u00e7\u00e3o farmacol\u00f3gica e toxicol\u00f3gica para pacientes, equipes de sa\u00fade, institui\u00e7\u00f5es e comunidades;<\/li>\n\n\n\n<li>interpretar e avaliar prescri\u00e7\u00f5es;<\/li>\n\n\n\n<li>atuar na dispensa\u00e7\u00e3o de medicamentos e correlatos;<\/li>\n\n\n\n<li>participar na formula\u00e7\u00e3o das pol\u00edticas de medicamentos e de assist\u00eancia farmac\u00eautica;<\/li>\n\n\n\n<li>formular e produzir medicamentos e cosm\u00e9ticos em qualquer escala;<\/li>\n\n\n\n<li>atuar na promo\u00e7\u00e3o e gerenciamento do uso correto e racional de medicamentos, em todos os n\u00edveis do sistema de sa\u00fade, tanto no \u00e2mbito do setor p\u00fablico como do privado;<\/li>\n\n\n\n<li>desenvolver atividades de garantia da qualidade de medicamentos, cosm\u00e9ticos, processos e servi\u00e7os onde atue o farmac\u00eautico;<\/li>\n\n\n\n<li>realizar, interpretar, avaliar, emitir laudos e pareceres e responsabilizar-se tecnicamente por an\u00e1lises de alimentos, de nutrac\u00eauticos, de alimentos de uso enteral e parenteral, suplementos alimentares, desde a obten\u00e7\u00e3o das mat\u00e9rias primas at\u00e9 o consumo;<\/li>\n\n\n\n<li>atuar na pesquisa e desenvolvimento, sele\u00e7\u00e3o, produ\u00e7\u00e3o e controle de qualidade de produtos obtidos por biotecnologia;<\/li>\n\n\n\n<li>realizar an\u00e1lises fisico-qu\u00edmicas e microbiol\u00f3gicas de interesse para o saneamento do meio ambiente, inclu\u00eddas as an\u00e1lises de \u00e1gua, ar e esgoto;<\/li>\n\n\n\n<li>atuar na pesquisa e desenvolvimento, sele\u00e7\u00e3o, produ\u00e7\u00e3o e controle de qualidade de hemocomponentes e hemoderivados, incluindo realiza\u00e7\u00e3o, interpreta\u00e7\u00e3o de exames e responsabilidade t\u00e9cnica de servi\u00e7os de hemoterapia;<\/li>\n\n\n\n<li>exercer aten\u00e7\u00e3o farmac\u00eautica individual e coletiva na \u00e1rea das an\u00e1lises cl\u00ednicas e toxicol\u00f3gicas;<\/li>\n\n\n\n<li>gerenciar laborat\u00f3rios de an\u00e1lises cl\u00ednicas e toxicol\u00f3gicas;<\/li>\n\n\n\n<li>atuar na sele\u00e7\u00e3o, desenvolvimento e controle de qualidade de metodologias, de reativos, reagentes e equipamentos.<\/li>\n<\/ul>\n<\/li>\n<\/ol>\n","protected":false},"excerpt":{"rendered":"<p>O perfil do Farmac\u00eautico graduado pelo Curso de Farm\u00e1cia da Universidade Federal da Para\u00edba \u00e9 [&hellip;]<\/p>\n","protected":false},"author":47,"featured_media":0,"parent":0,"menu_order":0,"comment_status":"closed","ping_status":"closed","template":"","meta":{"footnotes":""},"class_list":["post-22","page","type-page","status-publish","hentry"],"_links":{"self":[{"href":"https:\/\/www.ccs.ufpb.br\/coordfarm\/wp-json\/wp\/v2\/pages\/22","targetHints":{"allow":["GET"]}}],"collection":[{"href":"https:\/\/www.ccs.ufpb.br\/coordfarm\/wp-json\/wp\/v2\/pages"}],"about":[{"href":"https:\/\/www.ccs.ufpb.br\/coordfarm\/wp-json\/wp\/v2\/types\/page"}],"author":[{"embeddable":true,"href":"https:\/\/www.ccs.ufpb.br\/coordfarm\/wp-json\/wp\/v2\/users\/47"}],"replies":[{"embeddable":true,"href":"https:\/\/www.ccs.ufpb.br\/coordfarm\/wp-json\/wp\/v2\/comments?post=22"}],"version-history":[{"count":1,"href":"https:\/\/www.ccs.ufpb.br\/coordfarm\/wp-json\/wp\/v2\/pages\/22\/revisions"}],"predecessor-version":[{"id":23,"href":"https:\/\/www.ccs.ufpb.br\/coordfarm\/wp-json\/wp\/v2\/pages\/22\/revisions\/23"}],"wp:attachment":[{"href":"https:\/\/www.ccs.ufpb.br\/coordfarm\/wp-json\/wp\/v2\/media?parent=22"}],"curies":[{"name":"wp","href":"https:\/\/api.w.org\/{rel}","templated":true}]}}