{"id":18,"date":"2026-03-04T21:47:49","date_gmt":"2026-03-05T00:47:49","guid":{"rendered":"https:\/\/www.ccs.ufpb.br\/coordfarm\/?page_id=18"},"modified":"2026-03-04T21:47:55","modified_gmt":"2026-03-05T00:47:55","slug":"missao-e-objetivos","status":"publish","type":"page","link":"https:\/\/www.ccs.ufpb.br\/coordfarm\/missao-e-objetivos\/","title":{"rendered":"Miss\u00e3o e Objetivos"},"content":{"rendered":"\n<h2 class=\"wp-block-heading\"><div class=\"linha-header\"><strong>MISS\u00c3O<\/strong><\/div><\/h2>\n\n\n\n<p>Formar profissionais farmac\u00eauticos competentes e \u00e9ticos, para que atuem na sociedade contribuindo para a melhoria da qualidade de vida do ser humano, gerando e transmitindo conhecimentos cient\u00edficos e tecnol\u00f3gicos, comprometidos com as mudan\u00e7as positivas na comunidade no qual est\u00e3o inseridos<strong>.<\/strong><\/p>\n\n\n\n<h2 class=\"wp-block-heading\"><div class=\"linha-header\"><strong>OBJETIVOS<\/strong><\/div><\/h2>\n\n\n\n<p><strong>Geral<\/strong><\/p>\n\n\n\n<ol class=\"wp-block-list\">\n<li>Fornecer ao graduando uma forma\u00e7\u00e3o de base generalista na \u00e1rea das Ci\u00eancias Farmac\u00eauticas, com a forma\u00e7\u00e3o profissional de bacharel, capacitado e consciente da realidade profissional, visando a produ\u00e7\u00e3o e socializa\u00e7\u00e3o do saber, em resposta aos problemas sociais do homem e \u00e0 preserva\u00e7\u00e3o do meio ambiente.<\/li>\n<\/ol>\n\n\n\n<p><strong>Espec\u00edficos<\/strong><\/p>\n\n\n\n<ol class=\"wp-block-list\">\n<li>\n<ul class=\"wp-block-list\">\n<li>Resgatar a identidade do profissional farmac\u00eautico, como um profissional de sa\u00fade, cujas pr\u00e1ticas est\u00e3o centradas numa vis\u00e3o humanizada de atendimento, e no cont\u00ednuo esfor\u00e7o de aperfei\u00e7oamento t\u00e9cnico;<\/li>\n\n\n\n<li>Promover o processo de aprendizagem centrado na rela\u00e7\u00e3o educando-meio, levando-o a perceber-se e a agir como agente protagonista de mudan\u00e7as sociais;<\/li>\n\n\n\n<li>Preparar profissionais farmac\u00eauticos com conhecimentos te\u00f3ricos, pr\u00e1ticos e \u00e9ticos, numa forma\u00e7\u00e3o cr\u00edtico-reflexiva que desenvolva a capacidade de compreens\u00e3o das causas dos problemas da sociedade nordestina e brasileira, objetivando estimular nestes, atitudes que facilitem a resolu\u00e7\u00e3o dos problemas ligados \u00e0 profiss\u00e3o Farmac\u00eautica;<\/li>\n\n\n\n<li>Capacitar o graduando de Farm\u00e1cia a desenvolver habilidades profissionais que venham a atender \u00e0s necessidades demandadas pela sociedade numa perspectiva de racionaliza\u00e7\u00e3o, otimiza\u00e7\u00e3o e qualidade dos servi\u00e7os;<\/li>\n<\/ul>\n<\/li>\n<\/ol>\n","protected":false},"excerpt":{"rendered":"<p>MISS\u00c3O Formar profissionais farmac\u00eauticos competentes e \u00e9ticos, para que atuem na sociedade contribuindo para a [&hellip;]<\/p>\n","protected":false},"author":47,"featured_media":0,"parent":0,"menu_order":0,"comment_status":"closed","ping_status":"closed","template":"","meta":{"footnotes":""},"class_list":["post-18","page","type-page","status-publish","hentry"],"_links":{"self":[{"href":"https:\/\/www.ccs.ufpb.br\/coordfarm\/wp-json\/wp\/v2\/pages\/18","targetHints":{"allow":["GET"]}}],"collection":[{"href":"https:\/\/www.ccs.ufpb.br\/coordfarm\/wp-json\/wp\/v2\/pages"}],"about":[{"href":"https:\/\/www.ccs.ufpb.br\/coordfarm\/wp-json\/wp\/v2\/types\/page"}],"author":[{"embeddable":true,"href":"https:\/\/www.ccs.ufpb.br\/coordfarm\/wp-json\/wp\/v2\/users\/47"}],"replies":[{"embeddable":true,"href":"https:\/\/www.ccs.ufpb.br\/coordfarm\/wp-json\/wp\/v2\/comments?post=18"}],"version-history":[{"count":1,"href":"https:\/\/www.ccs.ufpb.br\/coordfarm\/wp-json\/wp\/v2\/pages\/18\/revisions"}],"predecessor-version":[{"id":19,"href":"https:\/\/www.ccs.ufpb.br\/coordfarm\/wp-json\/wp\/v2\/pages\/18\/revisions\/19"}],"wp:attachment":[{"href":"https:\/\/www.ccs.ufpb.br\/coordfarm\/wp-json\/wp\/v2\/media?parent=18"}],"curies":[{"name":"wp","href":"https:\/\/api.w.org\/{rel}","templated":true}]}}

Missão e Objetivos

<h2 class="wp-block-heading"><div class="linha-header"><strong>MISSÃO</strong></div></h2>



<p>Formar profissionais farmacêuticos competentes e éticos, para que atuem na sociedade contribuindo para a melhoria da qualidade de vida do ser humano, gerando e transmitindo conhecimentos científicos e tecnológicos, comprometidos com as mudanças positivas na comunidade no qual estão inseridos<strong>.</strong></p>



<h2 class="wp-block-heading"><div class="linha-header"><strong>OBJETIVOS</strong></div></h2>



<p><strong>Geral</strong></p>



<ol class="wp-block-list">
<li>Fornecer ao graduando uma formação de base generalista na área das Ciências Farmacêuticas, com a formação profissional de bacharel, capacitado e consciente da realidade profissional, visando a produção e socialização do saber, em resposta aos problemas sociais do homem e à preservação do meio ambiente.</li>
</ol>



<p><strong>Específicos</strong></p>



<ol class="wp-block-list">
<li>
<ul class="wp-block-list">
<li>Resgatar a identidade do profissional farmacêutico, como um profissional de saúde, cujas práticas estão centradas numa visão humanizada de atendimento, e no contínuo esforço de aperfeiçoamento técnico;</li>



<li>Promover o processo de aprendizagem centrado na relação educando-meio, levando-o a perceber-se e a agir como agente protagonista de mudanças sociais;</li>



<li>Preparar profissionais farmacêuticos com conhecimentos teóricos, práticos e éticos, numa formação crítico-reflexiva que desenvolva a capacidade de compreensão das causas dos problemas da sociedade nordestina e brasileira, objetivando estimular nestes, atitudes que facilitem a resolução dos problemas ligados à profissão Farmacêutica;</li>



<li>Capacitar o graduando de Farmácia a desenvolver habilidades profissionais que venham a atender às necessidades demandadas pela sociedade numa perspectiva de racionalização, otimização e qualidade dos serviços;</li>
</ul>
</li>
</ol>

<p>MISSÃO Formar profissionais farmacêuticos competentes e éticos, para que atuem na sociedade contribuindo para a [&hellip;]</p>
