{"id":227,"date":"2025-06-02T18:26:29","date_gmt":"2025-06-02T21:26:29","guid":{"rendered":"https:\/\/www.ccs.ufpb.br\/bsccs2\/?page_id=227"},"modified":"2026-04-22T08:43:46","modified_gmt":"2026-04-22T11:43:46","slug":"carta-de-servicos","status":"publish","type":"page","link":"https:\/\/www.ccs.ufpb.br\/bsccs\/carta-de-servicos\/","title":{"rendered":"Carta de Servi\u00e7os"},"content":{"rendered":"\n<p>Com o objetivo de tornar p\u00fablico os servi\u00e7os prestados pela Biblioteca Setorial do CCS\/UFPB, conforme preconiza a Lei n\u00ba 13.460, de 26 de junho de 2017, em conson\u00e2ncia com o Regimento Interno do Centro de Ci\u00eancias da Sa\u00fade e de acordo com o Regimento do Sistema de Bibliotecas da UFPB, apresentamos a Carta de Servi\u00e7os ao Usu\u00e1rio:<\/p>\n\n\n\n<div data-wp-interactive=\"core\/file\" class=\"wp-block-file\"><object data-wp-bind--hidden=\"!state.hasPdfPreview\" hidden class=\"wp-block-file__embed\" data=\"http:\/\/www.ccs.ufpb.br\/bsccs2\/wp-content\/uploads\/sites\/21\/sites\/221\/2025\/04\/Carta-de-Servicos-Biblioteca-Setorial-do-CCS.pdf\" type=\"application\/pdf\" style=\"width:100%;height:200px\" aria-label=\"Incorporado de Carta de Servicos Biblioteca Setorial do CCS.\"><\/object><a id=\"wp-block-file--media-2221eb31-4ba8-41fc-9c52-3c82975ac897\" href=\"http:\/\/www.ccs.ufpb.br\/bsccs2\/wp-content\/uploads\/sites\/21\/sites\/221\/2025\/04\/Carta-de-Servicos-Biblioteca-Setorial-do-CCS.pdf\">Carta de Servicos Biblioteca Setorial do CCS<\/a><a href=\"http:\/\/www.ccs.ufpb.br\/bsccs2\/wp-content\/uploads\/sites\/21\/sites\/221\/2025\/04\/Carta-de-Servicos-Biblioteca-Setorial-do-CCS.pdf\" class=\"wp-block-file__button wp-element-button\" download aria-describedby=\"wp-block-file--media-2221eb31-4ba8-41fc-9c52-3c82975ac897\">Baixar<\/a><\/div>\n","protected":false},"excerpt":{"rendered":"<p>Com o objetivo de tornar p\u00fablico os servi\u00e7os prestados pela Biblioteca Setorial do CCS\/UFPB, conforme [&hellip;]<\/p>\n","protected":false},"author":47,"featured_media":0,"parent":0,"menu_order":0,"comment_status":"closed","ping_status":"closed","template":"","meta":{"footnotes":""},"class_list":["post-227","page","type-page","status-publish","hentry"],"_links":{"self":[{"href":"https:\/\/www.ccs.ufpb.br\/bsccs\/wp-json\/wp\/v2\/pages\/227","targetHints":{"allow":["GET"]}}],"collection":[{"href":"https:\/\/www.ccs.ufpb.br\/bsccs\/wp-json\/wp\/v2\/pages"}],"about":[{"href":"https:\/\/www.ccs.ufpb.br\/bsccs\/wp-json\/wp\/v2\/types\/page"}],"author":[{"embeddable":true,"href":"https:\/\/www.ccs.ufpb.br\/bsccs\/wp-json\/wp\/v2\/users\/47"}],"replies":[{"embeddable":true,"href":"https:\/\/www.ccs.ufpb.br\/bsccs\/wp-json\/wp\/v2\/comments?post=227"}],"version-history":[{"count":5,"href":"https:\/\/www.ccs.ufpb.br\/bsccs\/wp-json\/wp\/v2\/pages\/227\/revisions"}],"predecessor-version":[{"id":349,"href":"https:\/\/www.ccs.ufpb.br\/bsccs\/wp-json\/wp\/v2\/pages\/227\/revisions\/349"}],"wp:attachment":[{"href":"https:\/\/www.ccs.ufpb.br\/bsccs\/wp-json\/wp\/v2\/media?parent=227"}],"curies":[{"name":"wp","href":"https:\/\/api.w.org\/{rel}","templated":true}]}}