{"id":217,"date":"2025-06-02T18:20:29","date_gmt":"2025-06-02T21:20:29","guid":{"rendered":"https:\/\/www.ccs.ufpb.br\/bsccs2\/?page_id=217"},"modified":"2026-04-22T08:38:45","modified_gmt":"2026-04-22T11:38:45","slug":"historia","status":"publish","type":"page","link":"https:\/\/www.ccs.ufpb.br\/bsccs\/historia\/","title":{"rendered":"Hist\u00f3ria\u00a0"},"content":{"rendered":"\n<div class=\"wp-block-media-text is-stacked-on-mobile\" style=\"grid-template-columns:58% auto\"><figure class=\"wp-block-media-text__media\"><img loading=\"lazy\" decoding=\"async\" width=\"1024\" height=\"764\" src=\"https:\/\/www.ccs.ufpb.br\/bsccs2\/wp-content\/uploads\/sites\/21\/sites\/221\/2025\/07\/BS-CCS-2009-1024x764.png\" alt=\"\" class=\"wp-image-390 size-full\" srcset=\"https:\/\/www.ccs.ufpb.br\/bsccs\/wp-content\/uploads\/sites\/21\/sites\/221\/2025\/07\/BS-CCS-2009-1024x764.png 1024w, https:\/\/www.ccs.ufpb.br\/bsccs\/wp-content\/uploads\/sites\/21\/sites\/221\/2025\/07\/BS-CCS-2009-300x224.png 300w, https:\/\/www.ccs.ufpb.br\/bsccs\/wp-content\/uploads\/sites\/21\/sites\/221\/2025\/07\/BS-CCS-2009-768x573.png 768w, https:\/\/www.ccs.ufpb.br\/bsccs\/wp-content\/uploads\/sites\/21\/sites\/221\/2025\/07\/BS-CCS-2009.png 1186w\" sizes=\"auto, (max-width: 1024px) 100vw, 1024px\" \/><\/figure><div class=\"wp-block-media-text__content\">\n<h2 class=\"wp-block-heading\"><div class=\"linha-header\"><sup>A BS\/CCS\/UFPB \u00e9 vinculada administrativamente ao <a href=\"http:\/\/www.ccs.ufpb.br\">Centro de Ci\u00eancias da Sa\u00fade <\/a>da Universidade Federal da Para\u00edba (CCS\/UFPB) e tecnicamente \u00e0 <a href=\"https:\/\/www.biblioteca.ufpb.br\/biblioteca\">Biblioteca Central da UFPB<\/a> (Dire\u00e7\u00e3o do Sistema de Bibliotecas\/UFPB)<\/sup> <sup>e oferece servi\u00e7os informacionais desde 2009.<\/sup><\/div><\/h2>\n<\/div><\/div>\n\n\n\n<p><br>Oriunda do acervo da antiga Biblioteca da P\u00f3s-gradua\u00e7\u00e3o em Odontologia do CCS, criada em 1994 \u2013 que atuou como Centro de Apoio \u00e0 Pesquisa da Sub-rede Nacional de Informa\u00e7\u00e3o na \u00e1rea de Ci\u00eancias da Sa\u00fade Oral, junto ao Servi\u00e7o de Documenta\u00e7\u00e3o Odontol\u00f3gica da Faculdade de Odontologia da USP (SDO\/FOUSP), em conjunto com a Biblioteca Regional de Medicina (BIREME) \u2013 a cria\u00e7\u00e3o da BS-CCS\/UFPB foi proposta, por volta de 2005, pelas Bibliotec\u00e1rias Izabel Fran\u00e7a de Lima \u2013 atualmente servidora docente doutora do DCI\/CCSA\/UFPB \u2013 e Erika Simony Fernandes de Melo, com o objetivo de oferecer uma infraestrutura f\u00edsica para atender a comunidade acad\u00eamica do CCS e abrigar o acervo bibliogr\u00e1fico de interesse dos Cursos e pessoas usu\u00e1rias do Centro.<\/p>\n\n\n\n<p>Em outubro de 2008, foi iniciado o processamento t\u00e9cnico do acervo do setor. Em <strong>janeiro de 2009<\/strong> foi liberado acesso ao espa\u00e7o para estudo e a consulta do acervo no pavimento t\u00e9rreo, enquanto a automa\u00e7\u00e3o de seu acervo era conclu\u00edda e ocorriam os procedimentos para melhor adequa\u00e7\u00e3o dos ambientes do setor.<\/p>\n\n\n\n<div class=\"wp-block-media-text is-stacked-on-mobile\" style=\"grid-template-columns:53% auto\"><figure class=\"wp-block-media-text__media\"><img loading=\"lazy\" decoding=\"async\" width=\"768\" height=\"1024\" src=\"https:\/\/www.ccs.ufpb.br\/bsccs2\/wp-content\/uploads\/sites\/21\/sites\/221\/2025\/07\/20250704_110837-1-768x1024.jpeg\" alt=\"\" class=\"wp-image-394 size-full\" srcset=\"https:\/\/www.ccs.ufpb.br\/bsccs\/wp-content\/uploads\/sites\/21\/sites\/221\/2025\/07\/20250704_110837-1-768x1024.jpeg 768w, https:\/\/www.ccs.ufpb.br\/bsccs\/wp-content\/uploads\/sites\/21\/sites\/221\/2025\/07\/20250704_110837-1-225x300.jpeg 225w, https:\/\/www.ccs.ufpb.br\/bsccs\/wp-content\/uploads\/sites\/21\/sites\/221\/2025\/07\/20250704_110837-1-1152x1536.jpeg 1152w, https:\/\/www.ccs.ufpb.br\/bsccs\/wp-content\/uploads\/sites\/21\/sites\/221\/2025\/07\/20250704_110837-1-1536x2048.jpeg 1536w, https:\/\/www.ccs.ufpb.br\/bsccs\/wp-content\/uploads\/sites\/21\/sites\/221\/2025\/07\/20250704_110837-1-scaled.jpeg 1920w\" sizes=\"auto, (max-width: 768px) 100vw, 768px\" \/><\/figure><div class=\"wp-block-media-text__content\">\n<h3 class=\"wp-block-heading\"><strong>Em 12 de mar\u00e7o de 2009, <a href=\"https:\/\/www.gov.br\/fnde\/pt-br\/assuntos\/noticias\/dia-12-de-marco-e-comemorado-o-dia-do-bibliotecario\">dia do Bibliotec\u00e1rio<\/a>, conforme consta na Ata N\u00ba542 da Reuni\u00e3o do Conselho de Centro do CCS <strong>(COC\/CCS)<\/strong>, foi inaugurada a Biblioteca Setorial do CCS\/UFPB, na gest\u00e3o de Centro da profa. Dra. Margareth de F\u00e1tima Formiga Melo Diniz<\/strong>, tornando-se integrante do Sistema de Bibliotecas\/UFPB, desde aquele ano.<\/h3>\n<\/div><\/div>\n\n\n\n<p>Em 2010, tendo concluindo o processamento t\u00e9cnico de seu acervo (livros e peri\u00f3dicos), a BS\/CCS\/UFPB iniciou os servi\u00e7os de circula\u00e7\u00e3o (empr\u00e9stimos e devolu\u00e7\u00f5es de livros) da unidade.<\/p>\n\n\n\n<p>Em 2012, a unidade foi escolhida como &#8220;piloto&#8221; para a migra\u00e7\u00e3o do antigo sistema de automa\u00e7\u00e3o bibliogr\u00e1fica, adotado pelo Sistema de Bibliotecas \/UFPB, para o m\u00f3dulo Biblioteca do SIGAA , sendo, ent\u00e3o, a &#8220;pioneira&#8221; no uso do SIGAA nas bibliotecas da institui\u00e7\u00e3o.<\/p>\n\n\n\n<p>Desde a sua inaugura\u00e7\u00e3o a equipe BS\/CCS\/UFPB procurou dar visibilidade as atividades da unidade por meio da participa\u00e7\u00e3o em a\u00e7\u00f5es culturais do Sistema de Bibliotecas e da Dire\u00e7\u00e3o do CCS\/UFPB; e tamb\u00e9m participando em eventos da \u00e1rea bibliotec\u00e1ria em \u00e2mbito nacional:<\/p>\n\n\n\n<p><strong>2010 &#8211; <\/strong> SNBU &#8211; Relato da reestrutura\u00e7\u00e3o da Biblioteca Setorial do Centro de Ci\u00eancias da Sa\u00fade da UFPB. (P\u00f4ster).<\/p>\n\n\n\n<p><strong>2014 <\/strong>&#8211; SNBU &#8211; Automa\u00e7\u00e3o da cole\u00e7\u00e3o de peri\u00f3dicos da BS\/CCS\/UFPB \u2013 organizando, representando e disponibilizando informa\u00e7\u00e3o: relato de experi\u00eancia (P\u00f4ster).<\/p>\n\n\n\n<p><strong>2023 &#8211;<\/strong> SNBU &#8211; Enquetes do Instagram para identifica\u00e7\u00e3o de necessidades informacionais: relato de experi\u00eancia em uma biblioteca universit\u00e1ria &#8211; Comunica\u00e7\u00e3o.<\/p>\n\n\n\n<figure class=\"wp-block-image size-full is-resized\"><img loading=\"lazy\" decoding=\"async\" width=\"683\" height=\"467\" src=\"https:\/\/www.ccs.ufpb.br\/bsccs2\/wp-content\/uploads\/sites\/21\/sites\/221\/2025\/07\/SNBU-2014.png\" alt=\"\" class=\"wp-image-404\" style=\"width:473px;height:auto\" srcset=\"https:\/\/www.ccs.ufpb.br\/bsccs\/wp-content\/uploads\/sites\/21\/sites\/221\/2025\/07\/SNBU-2014.png 683w, https:\/\/www.ccs.ufpb.br\/bsccs\/wp-content\/uploads\/sites\/21\/sites\/221\/2025\/07\/SNBU-2014-300x205.png 300w\" sizes=\"auto, (max-width: 683px) 100vw, 683px\" \/><figcaption class=\"wp-element-caption\"><sup>Registro de Participa\u00e7\u00e3o no SNBU &#8211; 2014, pessoas bibliotec\u00e1rias em Audit\u00f3rio do evento.<\/sup><\/figcaption><\/figure>\n\n\n\n<figure class=\"wp-block-image size-full is-resized\"><img loading=\"lazy\" decoding=\"async\" width=\"683\" height=\"467\" src=\"https:\/\/www.ccs.ufpb.br\/bsccs2\/wp-content\/uploads\/sites\/21\/sites\/221\/2025\/07\/Semana-Biblio.png\" alt=\"\" class=\"wp-image-405\" style=\"width:458px;height:auto\" srcset=\"https:\/\/www.ccs.ufpb.br\/bsccs\/wp-content\/uploads\/sites\/21\/sites\/221\/2025\/07\/Semana-Biblio.png 683w, https:\/\/www.ccs.ufpb.br\/bsccs\/wp-content\/uploads\/sites\/21\/sites\/221\/2025\/07\/Semana-Biblio-300x205.png 300w\" sizes=\"auto, (max-width: 683px) 100vw, 683px\" \/><figcaption class=\"wp-element-caption\"><sup>Registro de participa\u00e7\u00e3o de bibliotec\u00e1ria do setor , na Semana do Bibliotec\u00e1rio do Sistema de Bibliotecas\/UFPB, 2018, imagem de pessoas bibliotec\u00e1rias em Audit\u00f3rio na UFPB<\/sup>.<\/figcaption><\/figure>\n\n\n\n<figure class=\"wp-block-image size-full is-resized\"><img loading=\"lazy\" decoding=\"async\" width=\"683\" height=\"467\" src=\"https:\/\/www.ccs.ufpb.br\/bsccs2\/wp-content\/uploads\/sites\/21\/sites\/221\/2025\/07\/I-Bienal-do-CCS.png\" alt=\"\" class=\"wp-image-406\" style=\"width:478px;height:auto\" srcset=\"https:\/\/www.ccs.ufpb.br\/bsccs\/wp-content\/uploads\/sites\/21\/sites\/221\/2025\/07\/I-Bienal-do-CCS.png 683w, https:\/\/www.ccs.ufpb.br\/bsccs\/wp-content\/uploads\/sites\/21\/sites\/221\/2025\/07\/I-Bienal-do-CCS-300x205.png 300w\" sizes=\"auto, (max-width: 683px) 100vw, 683px\" \/><figcaption class=\"wp-element-caption\"><sup>Registro de participa\u00e7\u00e3o de membros da equipe (bibliotec\u00e1ria e discente de Biblioteconomia, em est\u00e1gio no setor na \u00e9poca) na tenda do Livro, I Bienal do CCS, 2022<\/sup><\/figcaption><\/figure>\n\n\n\n<p>Em seus mais de 15 anos de atua\u00e7\u00e3o a Biblioteca Setorial do CCS\/UFPB tem buscado oferecer servi\u00e7os informacionais de forma coerente com a pr\u00e1tica bibliotec\u00e1ria exercendo o papel de disseminadora da informa\u00e7\u00e3o de forma democr\u00e1tica.<\/p>\n","protected":false},"excerpt":{"rendered":"<p>A BS\/CCS\/UFPB \u00e9 vinculada administrativamente ao Centro de Ci\u00eancias da Sa\u00fade da Universidade Federal da [&hellip;]<\/p>\n","protected":false},"author":47,"featured_media":0,"parent":0,"menu_order":0,"comment_status":"closed","ping_status":"closed","template":"","meta":{"footnotes":""},"class_list":["post-217","page","type-page","status-publish","hentry"],"_links":{"self":[{"href":"https:\/\/www.ccs.ufpb.br\/bsccs\/wp-json\/wp\/v2\/pages\/217","targetHints":{"allow":["GET"]}}],"collection":[{"href":"https:\/\/www.ccs.ufpb.br\/bsccs\/wp-json\/wp\/v2\/pages"}],"about":[{"href":"https:\/\/www.ccs.ufpb.br\/bsccs\/wp-json\/wp\/v2\/types\/page"}],"author":[{"embeddable":true,"href":"https:\/\/www.ccs.ufpb.br\/bsccs\/wp-json\/wp\/v2\/users\/47"}],"replies":[{"embeddable":true,"href":"https:\/\/www.ccs.ufpb.br\/bsccs\/wp-json\/wp\/v2\/comments?post=217"}],"version-history":[{"count":60,"href":"https:\/\/www.ccs.ufpb.br\/bsccs\/wp-json\/wp\/v2\/pages\/217\/revisions"}],"predecessor-version":[{"id":969,"href":"https:\/\/www.ccs.ufpb.br\/bsccs\/wp-json\/wp\/v2\/pages\/217\/revisions\/969"}],"wp:attachment":[{"href":"https:\/\/www.ccs.ufpb.br\/bsccs\/wp-json\/wp\/v2\/media?parent=217"}],"curies":[{"name":"wp","href":"https:\/\/api.w.org\/{rel}","templated":true}]}}