{"id":151,"date":"2025-05-22T13:22:40","date_gmt":"2025-05-22T16:22:40","guid":{"rendered":"https:\/\/www.ccs.ufpb.br\/bsccs2\/?page_id=151"},"modified":"2026-04-22T08:30:36","modified_gmt":"2026-04-22T11:30:36","slug":"agendamentos","status":"publish","type":"page","link":"https:\/\/www.ccs.ufpb.br\/bsccs\/agendamentos\/","title":{"rendered":"Agendamentos"},"content":{"rendered":"\n<p><strong>1)<\/strong> <strong>Visita Orientada<\/strong><\/p>\n\n\n\n<p><strong>Apresenta\u00e7\u00e3o <em>no local<\/em> sobre a organiza\u00e7\u00e3o do acervo f\u00edsico, disponibilidade de ambientes, normas de uso e servi\u00e7os da unidade<\/strong>.<\/p>\n\n\n\n<ol class=\"wp-block-list\">\n<li>Oferecido para turmas de 04 (discentes) a 15 pessoas (discentes acompanhados de docente do CCS\/UFPB;<\/li>\n\n\n\n<li>Dura\u00e7\u00e3o m\u00e1xima da atividade: 30 (trinta) minutos;<\/li>\n\n\n\n<li>Sabia mais<strong> informa\u00e7\u00f5es necess\u00e1rias para acessar o servi\u00e7o<\/strong> na p\u00e1gina 12 da <a href=\"https:\/\/www.ccs.ufpb.br\/bsccs2\/wp-content\/uploads\/sites\/21\/sites\/221\/2025\/04\/Carta-de-Servicos-Biblioteca-Setorial-do-CCS.pdf\">Carta de Servi\u00e7os ao Usu\u00e1rio.<\/a><\/li>\n<\/ol>\n\n\n\n<p><strong>2) Aux\u00edlio no uso das Normas da ABNT <\/strong><\/p>\n\n\n\n<p><strong>Orienta\u00e7\u00e3o para tirar d\u00favidas pontuais quanto as Normas da Associa\u00e7\u00e3o Brasileira de Normas T\u00e9cnicas (ABNT)<\/strong><\/p>\n\n\n\n<ul class=\"wp-block-list\">\n<li>Oferecido a discente ou docente do CCS;<\/li>\n\n\n\n<li>Sabia mais <strong>informa\u00e7\u00f5es necess\u00e1rias para acessar o servi\u00e7o<\/strong> na p\u00e1gina 35 da <a href=\"https:\/\/www.ccs.ufpb.br\/bsccs2\/wp-content\/uploads\/sites\/21\/sites\/221\/2025\/04\/Carta-de-Servicos-Biblioteca-Setorial-do-CCS.pdf\">Carta de Servi\u00e7os ao Usu\u00e1rio<\/a>.<\/li>\n<\/ul>\n\n\n\n<p><strong>3) Uso das Salas de Estudo em Grupo<\/strong><\/p>\n\n\n\n<ol start=\"1\" class=\"wp-block-list\">\n<li>Oferecido a comunidade discente, prioritariamente do CCS\/UFPB;<\/li>\n\n\n\n<li>Agendar na Recep\u00e7\u00e3o\/Circula\u00e7\u00e3o da biblioteca;<\/li>\n\n\n\n<li>O agendamento dever\u00e1 ocorrer no mesmo dia\/turno ou com at\u00e9 24 horas de anteced\u00eancia da data para uso, considerando dias \u00fateis.<\/li>\n<\/ol>\n\n\n\n<p><strong>4) Aux\u00edlio no Acesso e uso de Portal Peri\u00f3dicos Capes;  Bases de livros digitais<\/strong> <strong>e Base Target GEDWeb &#8211; Normas T\u00e9cnicas<\/strong><\/p>\n\n\n\n<ol class=\"wp-block-list\">\n<li>Individualmente ou at\u00e9 2 pessoas<strong>.<\/strong><\/li>\n<\/ol>\n\n\n\n<p><strong>Onde ocorre o servi\u00e7o: <\/strong>No balc\u00e3o de Recep\u00e7\u00e3o\/Circula\u00e7\u00e3o (se\u00e7\u00e3o de empr\u00e9stimos\/devolu\u00e7\u00f5es de livros) ou no terminal de consulta p\u00fablica do setor.<\/p>\n\n\n\n<p><strong>5)<\/strong> <strong>Apresenta\u00e7\u00e3o quanto o Acesso e uso de Portal Peri\u00f3dicos CAPES;  Bases de livros digitais<\/strong> <strong>e Base Target GEDWeb &#8211; Normas T\u00e9cnicas<\/strong><\/p>\n\n\n\n<p>Exclusivo para Turmas de Cursos de Gradua\u00e7\u00e3o ou Especializa\u00e7\u00e3o (para atividade ligadas a Componentes curriculares dos Cursos do CCS)<\/p>\n\n\n\n<ol class=\"wp-block-list\">\n<li>Solicita\u00e7\u00e3o por pessoa Servidora docente de componente curricular vigente no semestre de Curso do CCS ou Coordenador(a) de Curso de Gradua\u00e7\u00e3o ou P\u00f3s-gradua\u00e7\u00e3o do CCS\/UFPB. \u00c9 obrigat\u00f3ria a presen\u00e7a da pessoa solicitante durante toda a exposi\u00e7\u00e3o;<\/li>\n\n\n\n<li>Tempo de exposi\u00e7\u00e3o ser\u00e1 de no m\u00e1ximo 90 (noventa) minutos;<\/li>\n\n\n\n<li>Mais informa\u00e7\u00f5es quanto Requisitos, documentos, formas e informa\u00e7\u00f5es necess\u00e1rias para acessar o servi\u00e7o consulte a p\u00e1gina 32 da <a href=\"\/Users\/3green\/Downloads\/Carta%20de%20Servicos%20-%20CCS%20-%20Biblioteca%20Setorial.pdf\"><\/a><a href=\"https:\/\/www.ccs.ufpb.br\/bsccs2\/wp-content\/uploads\/sites\/21\/sites\/221\/2025\/04\/Carta-de-Servicos-Biblioteca-Setorial-do-CCS.pdf\">Carta de Servi\u00e7os ao Usu\u00e1rio<\/a>.\u00a0<\/li>\n<\/ol>\n\n\n\n<p><strong>Onde ocorre o servi\u00e7o:<\/strong> em ambiente acad\u00eamico do CCS: Sala de aula, Laborat\u00f3rio de Inform\u00e1tica ou Audit\u00f3rio.<\/p>\n\n\n\n<p><strong>Caso exposi\u00e7\u00e3o em Laborat\u00f3rios de Inform\u00e1tica do CCS, a pessoa docente (ou Coordenador\/a de Curso) solicitante dever\u00e1 ir presencialmente a Secretaria dos Laborat\u00f3rios do CCS realizar o agendamento do ambiente ou consultar o procedimento pelo telefone: 3216-7805.<\/strong><\/p>\n\n\n\n<p><strong>Caso exposi\u00e7\u00e3o em Audit\u00f3rio do CCS,&nbsp; <a href=\"http:\/\/www.ccs.ufpb.br\/auditoriosccs\/\">agende aqui<\/a><\/strong><\/p>\n\n\n\n<p><strong>Aten\u00e7\u00e3o!<\/strong><\/p>\n\n\n\n<p>Dever\u00e1 ter ao menos 2 (dois ) membros servidores da unidade no hor\u00e1rio da solicita\u00e7\u00e3o para que possa ocorrer um servi\u00e7o com mais dedica\u00e7\u00e3o.<\/p>\n\n\n\n<p>Deve-se aguardar a confirma\u00e7\u00e3o da pessoa servidora da Unidade quanto ao agendamento.<\/p>\n\n\n\n<p>Sabia quais os <strong>requisitos, documentos, formas e informa\u00e7\u00f5es necess\u00e1rias para acessar o servi\u00e7o<\/strong> na p\u00e1gina 32 da <a href=\"https:\/\/www.ccs.ufpb.br\/bsccs2\/wp-content\/uploads\/sites\/21\/sites\/221\/2025\/04\/Carta-de-Servicos-Biblioteca-Setorial-do-CCS.pdf\">Carta de Servi\u00e7os ao Usu\u00e1rio<\/a>.<\/p>\n\n\n\n<p><strong>Agendamentos, segunda a sexta, dias \u00fateis, das 7h \u00e0s 19h<\/strong>:<\/p>\n\n\n\n<p><a href=\"mailto:biblioteca@ccs.ufpb.br\"><strong>biblioteca@ccs.ufpb.br<\/strong><\/a><\/p>\n","protected":false},"excerpt":{"rendered":"<p>1) Visita Orientada Apresenta\u00e7\u00e3o no local sobre a organiza\u00e7\u00e3o do acervo f\u00edsico, disponibilidade de ambientes, [&hellip;]<\/p>\n","protected":false},"author":248,"featured_media":0,"parent":0,"menu_order":0,"comment_status":"closed","ping_status":"closed","template":"","meta":{"footnotes":""},"class_list":["post-151","page","type-page","status-publish","hentry"],"_links":{"self":[{"href":"https:\/\/www.ccs.ufpb.br\/bsccs\/wp-json\/wp\/v2\/pages\/151","targetHints":{"allow":["GET"]}}],"collection":[{"href":"https:\/\/www.ccs.ufpb.br\/bsccs\/wp-json\/wp\/v2\/pages"}],"about":[{"href":"https:\/\/www.ccs.ufpb.br\/bsccs\/wp-json\/wp\/v2\/types\/page"}],"author":[{"embeddable":true,"href":"https:\/\/www.ccs.ufpb.br\/bsccs\/wp-json\/wp\/v2\/users\/248"}],"replies":[{"embeddable":true,"href":"https:\/\/www.ccs.ufpb.br\/bsccs\/wp-json\/wp\/v2\/comments?post=151"}],"version-history":[{"count":20,"href":"https:\/\/www.ccs.ufpb.br\/bsccs\/wp-json\/wp\/v2\/pages\/151\/revisions"}],"predecessor-version":[{"id":1045,"href":"https:\/\/www.ccs.ufpb.br\/bsccs\/wp-json\/wp\/v2\/pages\/151\/revisions\/1045"}],"wp:attachment":[{"href":"https:\/\/www.ccs.ufpb.br\/bsccs\/wp-json\/wp\/v2\/media?parent=151"}],"curies":[{"name":"wp","href":"https:\/\/api.w.org\/{rel}","templated":true}]}}