{"id":117,"date":"2025-04-08T12:22:41","date_gmt":"2025-04-08T15:22:41","guid":{"rendered":"https:\/\/www.ccs.ufpb.br\/bsccs2\/?page_id=117"},"modified":"2026-04-22T08:35:56","modified_gmt":"2026-04-22T11:35:56","slug":"doacao-de-livros","status":"publish","type":"page","link":"https:\/\/www.ccs.ufpb.br\/bsccs\/doacao-de-livros\/","title":{"rendered":"Doa\u00e7\u00e3o de Livros"},"content":{"rendered":"\n<p>A Biblioteca Setorial do CCS\/UFPB recebe <strong>Livros<\/strong>,\u00a0<strong>\u00fanica e exclusivamente, na \u00e1rea de Ci\u00eancias da Sa\u00fade<\/strong>. A pessoa interessada em doar livros a Unidade dever\u00e1 <strong>obrigatoriamente<\/strong> observar e obedecer aos seguintes procedimentos:<\/p>\n\n\n\n<ul class=\"wp-block-list\">\n<li>Certificar-se de que os livros estejam em bom estado (suporte e p\u00e1ginas \u00edntegras, sem rasuras ou anota\u00e7\u00f5es pessoais e sem sinais de infesta\u00e7\u00e3o por insetos, mofo ou fungos);<\/li>\n\n\n\n<li>Certificar-se de que&nbsp;os livros t\u00eam conte\u00fados atuais e pertinentes aos Cursos do CCS;<\/li>\n\n\n\n<li>Ter ci\u00eancia de que <strong>n\u00e3o s\u00e3o aceitos<\/strong> quadrinhos, cadernos de caligrafia, apostilas de cursinho e concurso ou de componentes curriculares; fotoc\u00f3pias (<em><strong>xerox<\/strong><\/em>), agendas e Jornais e\/ou Revistas semanais e de entretenimento; <\/li>\n\n\n\n<li><strong>\u00c9 obrigat\u00f3rio<\/strong> relacionar a listagem os t\u00edtulos com a quantidade de exemplares a serem doadas, contendo os seguintes dados:&nbsp;t\u00edtulo do livro e quantidade, conforme o modelo da<strong> Rela\u00e7\u00e3o dos Livros Doados<\/strong> e levar junto com o Termo de Doa\u00e7\u00e3o dispon\u00edvel no fim desta p\u00e1gina. <\/li>\n\n\n\n<li>Preencher o <a href=\"http:\/\/www.ccs.ufpb.br\/bsccs\/wp-content\/uploads\/sites\/21\/sites\/221\/2025\/04\/Formulario-doacao-de-materiais-bibliograficos.pdf\"><strong>Formul\u00e1rio &#8211; doa\u00e7\u00e3o de materiais bibliogr\u00e1ficos<\/strong>.<\/a><\/li>\n\n\n\n<li>Por quest\u00f5es de espa\u00e7o e quantitativo de mobili\u00e1rios para armazenagem e disponibiliza\u00e7\u00e3o de acervos s\u00f3 receberemos de cada pessoa doadora at\u00e9 <strong>10 livros<\/strong>.<\/li>\n<\/ul>\n\n\n\n<p><strong>ORIENTA\u00c7\u00d5ES PARA GRUPOS ESPEC\u00cdFICOS DE DOADORES:<\/strong><\/p>\n\n\n\n<ul class=\"wp-block-list\">\n<li><strong>Servidores docentes<\/strong><\/li>\n\n\n\n<li><strong>Unidades do CCS (Coordena\u00e7\u00f5es de Cursos; N\u00facleos, etc.)<\/strong><\/li>\n<\/ul>\n\n\n\n<p><strong>Preferencialmente<\/strong> Livros correspondentes a <strong>Bibliografia B\u00e1sica<\/strong> ou <strong>Complementar<\/strong> de Componentes Curriculares dos Cursos de Gradua\u00e7\u00e3o ou P\u00f3s-gradua\u00e7\u00e3o do CCS\/UFPB, publicados at\u00e9 os \u00faltimos 3 ou 4 anos, ou cujo conte\u00fados n\u00e3o tenham passados por atualiza\u00e7\u00f5es em novas publica\u00e7\u00f5es.<\/p>\n\n\n\n<ul class=\"wp-block-list\">\n<li><strong>Discentes e servidores t\u00e9cnicos (as) administrativos (as)<\/strong><\/li>\n\n\n\n<li><strong>Comunidade externa&nbsp;<\/strong><\/li>\n<\/ul>\n\n\n\n<p>S\u00f3 receberemos doa\u00e7\u00e3o de livros deste p\u00fablico, seguindo as normas de doa\u00e7\u00e3o do setor, da \u00e1rea de Sa\u00fade, publicados at\u00e9 os \u00faltimos 5 anos.<\/p>\n\n\n\n<p>Esses crit\u00e9rios e procedimentos devem ser rigorosamente observados para que a Biblioteca Setorial do CCS\/ UFPB, seguindo as orienta\u00e7\u00f5es da Biblioteca Central da UFPB, continue a manter a qualidade do seu acervo impresso da unidade e de atendimento.<\/p>\n\n\n\n<p><strong>ATEN\u00c7\u00c3O!<\/strong><\/p>\n\n\n\n<p><strong>Informamos que desde janeiro de 2020 n\u00e3o recebemos Fasc\u00edculos de Peri\u00f3dicos (Revistas cient\u00edficas).<\/strong><\/p>\n","protected":false},"excerpt":{"rendered":"<p>A Biblioteca Setorial do CCS\/UFPB recebe Livros,\u00a0\u00fanica e exclusivamente, na \u00e1rea de Ci\u00eancias da Sa\u00fade. [&hellip;]<\/p>\n","protected":false},"author":248,"featured_media":0,"parent":0,"menu_order":0,"comment_status":"closed","ping_status":"closed","template":"","meta":{"footnotes":""},"class_list":["post-117","page","type-page","status-publish","hentry"],"_links":{"self":[{"href":"https:\/\/www.ccs.ufpb.br\/bsccs\/wp-json\/wp\/v2\/pages\/117","targetHints":{"allow":["GET"]}}],"collection":[{"href":"https:\/\/www.ccs.ufpb.br\/bsccs\/wp-json\/wp\/v2\/pages"}],"about":[{"href":"https:\/\/www.ccs.ufpb.br\/bsccs\/wp-json\/wp\/v2\/types\/page"}],"author":[{"embeddable":true,"href":"https:\/\/www.ccs.ufpb.br\/bsccs\/wp-json\/wp\/v2\/users\/248"}],"replies":[{"embeddable":true,"href":"https:\/\/www.ccs.ufpb.br\/bsccs\/wp-json\/wp\/v2\/comments?post=117"}],"version-history":[{"count":7,"href":"https:\/\/www.ccs.ufpb.br\/bsccs\/wp-json\/wp\/v2\/pages\/117\/revisions"}],"predecessor-version":[{"id":916,"href":"https:\/\/www.ccs.ufpb.br\/bsccs\/wp-json\/wp\/v2\/pages\/117\/revisions\/916"}],"wp:attachment":[{"href":"https:\/\/www.ccs.ufpb.br\/bsccs\/wp-json\/wp\/v2\/media?parent=117"}],"curies":[{"name":"wp","href":"https:\/\/api.w.org\/{rel}","templated":true}]}}