{"id":52,"date":"2025-11-15T09:10:28","date_gmt":"2025-11-15T12:10:28","guid":{"rendered":"https:\/\/www.ccs.ufpb.br\/assadm\/?page_id=52"},"modified":"2025-11-15T09:10:29","modified_gmt":"2025-11-15T12:10:29","slug":"recarga-de-extintores","status":"publish","type":"page","link":"https:\/\/www.ccs.ufpb.br\/assadm\/recarga-de-extintores\/","title":{"rendered":"Recarga de Extintores"},"content":{"rendered":"\n<h3 class=\"wp-block-heading\">Forma de Solicita\u00e7\u00e3o<\/h3>\n\n\n\n<p>A solicita\u00e7\u00e3o de&nbsp;<strong>recarga de extintores<\/strong>&nbsp;deve ser realizada por meio de&nbsp;<strong>Processo Eletr\u00f4nico (SIPAC)<\/strong>&nbsp;com movimenta\u00e7\u00e3o inicial para a unidade CCS &#8211; DIRE\u00c7\u00c3O DE CENTRO (11.01.37.06) e contendo a ci\u00eancia e autoriza\u00e7\u00e3o da Chefia da Unidade solicitante.<\/p>\n\n\n\n<h3 class=\"wp-block-heading\">Dados necess\u00e1rios<\/h3>\n\n\n\n<p>Para que a solicita\u00e7\u00e3o seja realizada corretamente, deve ser inserido no processo os dados sobre os extintores que ser\u00e3o recarregados. Os dados necess\u00e1rios que devem ser informados s\u00e3o:<\/p>\n\n\n\n<ol class=\"wp-block-list\">\n<li><strong>Localiza\u00e7\u00e3o f\u00edsica<\/strong>\u00a0do extintor (nome do pr\u00e9dio ou bloco, pavimento, nome de sala e pontos de refer\u00eancia);<\/li>\n\n\n\n<li>Data do &#8220;<strong>Pr\u00f3ximo Teste<\/strong>&#8221; (informa\u00e7\u00e3o encontrada no extintor);<\/li>\n\n\n\n<li>Data da &#8220;<strong>Pr\u00f3xima Recarga<\/strong>&#8221; (informa\u00e7\u00e3o encontrada no extintor);<\/li>\n\n\n\n<li>N\u00famero do\u00a0<strong>Tombamento<\/strong>\u00a0(informa\u00e7\u00e3o encontrada no extintor);<\/li>\n\n\n\n<li>N\u00famero do\u00a0<strong>Cilindro<\/strong>\u00a0(informa\u00e7\u00e3o encontrada no extintor);<\/li>\n\n\n\n<li><strong>Tipo de Extintor<\/strong>\u00a0(\u00c1gua pressurizada, P\u00f3 Qu\u00edmico ou G\u00e1s Carb\u00f4nico).<\/li>\n<\/ol>\n\n\n\n<p>Essas informa\u00e7\u00f5es s\u00e3o necess\u00e1rias para que a Ger\u00eancia de Manuten\u00e7\u00e3o e Equipamentos (GME\/SINFRA) possa realizar o or\u00e7amento do servi\u00e7o de recarga e futuramente realizar a coleta para realiza\u00e7\u00e3o do servi\u00e7o.<\/p>\n\n\n\n<h3 class=\"wp-block-heading\">Formul\u00e1rio de Solicita\u00e7\u00e3o de Recarga de Extintores<\/h3>\n\n\n\n<p>Com a finalidade de auxiliar os solicitantes no preenchimento e envio das solicita\u00e7\u00f5es de recarga, a Assessoria Administrativa do CCS elaborou um&nbsp;<strong>modelo de documento<\/strong>&nbsp;contendo todos os campos necess\u00e1rios que devem ser preenchidos pelos solicitantes e anexado ao Processo Eletr\u00f4nico (SIPAC).<\/p>\n\n\n\n<p>Orientamos que:<\/p>\n\n\n\n<p>a. Efetuem o download do modelo abaixo;<br>b. Preencham as informa\u00e7\u00f5es;<br>c. Salvem o documento em PDF;<br>d. Insiram o documento em PDF no Processo eletr\u00f4nico SIPAC de solicita\u00e7\u00e3o.<\/p>\n\n\n\n<p><a href=\"http:\/\/www.ccs.ufpb.br\/assadm\/wp-content\/uploads\/sites\/21\/sites\/418\/2025\/11\/3.RECARGADEEXTINTOR.docx\">Documento Modelo para Solicita\u00e7\u00e3o de Recarga de Extintores<\/a><\/p>\n\n\n\n<p><strong>ATEN\u00c7\u00c3O:<\/strong>&nbsp;Caso n\u00e3o consiga identificar o n\u00famero de tombamento, orientamos que entrem em contato com a&nbsp;<a href=\"http:\/\/ccs.ufpb.br\/cpccs\" target=\"_blank\" rel=\"noreferrer noopener\">Coordena\u00e7\u00e3o de Patrim\u00f4nio do CCS<\/a>:<br><br><strong>Whatsapp Institucional da Coordena\u00e7\u00e3o de Patrim\u00f4nio:<\/strong>&nbsp;(83) 3216-7740<br><br>N\u00e3o enviar a solicita\u00e7\u00e3o sem o n\u00famero do tombamento. Esse dado \u00e9 fundamental para a realiza\u00e7\u00e3o da solicita\u00e7\u00e3o de recarga do extintor. Os extintores que n\u00e3o tiverem o n\u00famero de tombamento informado n\u00e3o ser\u00e3o recarregados e o processo ser\u00e1 devolvido.<\/p>\n","protected":false},"excerpt":{"rendered":"<p>Forma de Solicita\u00e7\u00e3o A solicita\u00e7\u00e3o de&nbsp;recarga de extintores&nbsp;deve ser realizada por meio de&nbsp;Processo Eletr\u00f4nico (SIPAC)&nbsp;com [&hellip;]<\/p>\n","protected":false},"author":47,"featured_media":0,"parent":0,"menu_order":0,"comment_status":"closed","ping_status":"closed","template":"","meta":{"footnotes":""},"class_list":["post-52","page","type-page","status-publish","hentry"],"_links":{"self":[{"href":"https:\/\/www.ccs.ufpb.br\/assadm\/wp-json\/wp\/v2\/pages\/52","targetHints":{"allow":["GET"]}}],"collection":[{"href":"https:\/\/www.ccs.ufpb.br\/assadm\/wp-json\/wp\/v2\/pages"}],"about":[{"href":"https:\/\/www.ccs.ufpb.br\/assadm\/wp-json\/wp\/v2\/types\/page"}],"author":[{"embeddable":true,"href":"https:\/\/www.ccs.ufpb.br\/assadm\/wp-json\/wp\/v2\/users\/47"}],"replies":[{"embeddable":true,"href":"https:\/\/www.ccs.ufpb.br\/assadm\/wp-json\/wp\/v2\/comments?post=52"}],"version-history":[{"count":1,"href":"https:\/\/www.ccs.ufpb.br\/assadm\/wp-json\/wp\/v2\/pages\/52\/revisions"}],"predecessor-version":[{"id":57,"href":"https:\/\/www.ccs.ufpb.br\/assadm\/wp-json\/wp\/v2\/pages\/52\/revisions\/57"}],"wp:attachment":[{"href":"https:\/\/www.ccs.ufpb.br\/assadm\/wp-json\/wp\/v2\/media?parent=52"}],"curies":[{"name":"wp","href":"https:\/\/api.w.org\/{rel}","templated":true}]}}